{"id":10452,"date":"2021-12-02T12:14:17","date_gmt":"2021-12-02T15:14:17","guid":{"rendered":"https:\/\/site.redlearning.cl\/?post_type=product&#038;p=10452"},"modified":"2025-11-03T17:41:28","modified_gmt":"2025-11-03T20:41:28","slug":"curso-reflexologia-podal","status":"publish","type":"product","link":"https:\/\/site.redlearning.cl\/?product=curso-reflexologia-podal","title":{"rendered":"Curso Reflexolog\u00eda Podal"},"content":{"rendered":"<p>La reflexolog\u00eda es una terapia que permite que el cuerpo funcione a trav\u00e9s de la estimulaci\u00f3n de puntos, a trav\u00e9s del cual se estimula un punto o \u00e1rea del cuerpo. Este sistema de puntos est\u00e1 reflejado sobre todo en las manos, orejas y pies, donde las terminaciones nerviosas del Sistema Nervioso Central (SNC) est\u00e1n reflejadas, por lo que, si las localizamos y estimulamos, estamos activando distintas zonas del sistema nervioso central.<\/p>\n<p>A lo largo del curso en Reflexolog\u00eda Podal se describir\u00e1 de una manera sencilla y visual uno de los masajes reflexol\u00f3gicos m\u00e1s utilizados. La recepci\u00f3n de un masaje por presi\u00f3n en la zona podal permite experimentar una r\u00e1pida revitalizaci\u00f3n no s\u00f3lo de la zona, sino tambi\u00e9n, como consecuencia del reflejo, de todos los \u00f3rganos y sistemas corporales, verific\u00e1ndose una sensaci\u00f3n inmediata de fluidez, tranquilidad y sedaci\u00f3n.<\/p>\n<h2><span style=\"color: #0099cd;\">Objetivo General<\/span><\/h2>\n<hr \/>\n<p>Proporcionar al alumnado todos los conceptos y procedimientos que requiere para ejercer su profesi\u00f3n en cl\u00ednicas de masaje, efectuando adecuadamente las t\u00e9cnicas de reflexolog\u00eda podal y facilitar la ejecuci\u00f3n de una metodolog\u00eda reflexol\u00f3gica, tanto en el diagn\u00f3stico reflexol\u00f3gico, como en la terapia desde el punto de vista de la fisiolog\u00eda humana, aplicando dicho m\u00e9todo tanto a enfermos como a sanos, ya que lo que se pretende es, la regulaci\u00f3n del organismo por m\u00e9todos f\u00edsicos.<\/p>\n<h2><span style=\"color: #0099cd;\">Metodolog\u00eda<\/span><\/h2>\n<hr \/>\n<p>Modalidad 100% Online, asincr\u00f3nico y a tu ritmo. Contar\u00e1s con tutores desde el principio al fin de tu formaci\u00f3n, nunca estar\u00e1s sol@.<\/p>\n<h2><span style=\"color: #0099cd;\">Temario<\/span><\/h2>\n<hr \/>\n<div class=\"lightweight-accordion bordered has-text-color has-background\"><details><summary class=\"lightweight-accordion-title\" style=\"color:#ffffff;background:#0099cd;\"><span>M\u00f3dulo I - FUNDAMENTOS DE ANATOM\u00cdA GENERAL DE LOS SISTEMAS.<\/span><\/summary><div class=\"lightweight-accordion-body\" style=\"border-color:#0099cd;\"><h6><span style=\"color: #0099cd;\">Objetivos espec\u00edficos: <\/span><\/h6>\n<ul>\n<li>Conocer la anatom\u00eda y la fisiolog\u00eda de los sistemas digestivo, respiratorio, nervioso, cardiovascular, \u00f3rganos de los sentidos.<\/li>\n<li>Identificar la anatom\u00eda y fisiolog\u00eda de los miembros inferiores: el pie y el tobillo.<\/li>\n<\/ul>\n<h6><span style=\"color: #0099cd;\">Duraci\u00f3n: <\/span>20 horas<\/h6>\n<h6><span style=\"color: #0099cd;\">Contenidos:<\/span><\/h6>\n<ul>\n<li><strong>Anatom\u00eda y Fisiolog\u00eda de los sistemas digestivo, respiratorio, cardiovascular, nervioso y <\/strong><strong>\u00f3rganos de los sentidos.<\/strong>\n<ol>\n<li style=\"list-style-type: none;\">\n<ol>\n<li>Sistema digestivo. Digesti\u00f3n de los alimentos.<\/li>\n<li>Sistema respiratorio. Fisiolog\u00eda de la respiraci\u00f3n.<\/li>\n<li>Sistema cardiovascular. Fisiolog\u00eda cardiovascular.<\/li>\n<li>Sistema nervioso y \u00f3rganos de los sentidos.<\/li>\n<li>Sistema Endocrino.<\/li>\n<li>Sistema reproductor femenino y masculino.<\/li>\n<\/ol>\n<\/li>\n<\/ol>\n<\/li>\n<li><strong>Anatom\u00eda y Fisiolog\u00eda de los miembros inferiores: el pie y tobillo.<\/strong>\n<ol>\n<li style=\"list-style-type: none;\">\n<ol>\n<li>Estudio anat\u00f3mico de las extremidades inferiores.<br \/>\n1.1 Huesos.<br \/>\n1.2 Articulaciones.<br \/>\n1.3 Estructuras subcut\u00e1neas.<br \/>\n1.4 M\u00fasculos.<br \/>\n1.5 Nervios de la pierna.<\/li>\n<li>Estudio anat\u00f3mico del pie.<\/li>\n<li>Fisiolog\u00eda del pie.<\/li>\n<\/ol>\n<\/li>\n<\/ol>\n<\/li>\n<\/ul>\n<\/div><\/details><\/div>\n<div class=\"lightweight-accordion bordered has-text-color has-background\"><details><summary class=\"lightweight-accordion-title\" style=\"color:#ffffff;background:#0099cd;\"><span>M\u00f3dulo II - FUNDAMENTOS DE REFLEXOLOG\u00cdA PODAL Y SU T\u00c9CNICA.<\/span><\/summary><div class=\"lightweight-accordion-body\" style=\"border-color:#0099cd;\"><h6><span style=\"color: #0099cd;\">Objetivos espec\u00edficos: <\/span><\/h6>\n<ul>\n<li>Comprender los principios te\u00f3ricos que sustentan la reflexolog\u00eda.<\/li>\n<li>Identificar los principios generales de reflexolog\u00eda podal.<\/li>\n<\/ul>\n<h6><span style=\"color: #0099cd;\">Duraci\u00f3n: <\/span>20 horas<\/h6>\n<h6><span style=\"color: #0099cd;\">Contenidos:<\/span><\/h6>\n<ol>\n<li>Enfoque hol\u00edstico de la salud.<br \/>\n1.1 Lenguaje del cuerpo y de los pies.<br \/>\n1.2 La conciencia: los siete niveles de conciencia o chakras.<\/li>\n<li>\u00a0Introducci\u00f3n a la reflexolog\u00eda.<\/li>\n<li>\u00a0Historia de la reflexolog\u00eda.<\/li>\n<li>\u00a0Fundamento de la terapia de zonas.<\/li>\n<li>\u00a0Beneficios, reacciones y contraindicaciones de la reflexolog\u00eda.<\/li>\n<li>\u00a0Mapa podal y T\u00e9cnica de relajaci\u00f3n podal.<\/li>\n<li>\u00a0Autotratamiento.<\/li>\n<li>\u00a0Sistemas org\u00e1nicos y sus equivalencias reflexol\u00f3gicas.<\/li>\n<li>\u00a0An\u00e1lisis de las zonas reflejas y su tratamiento.<\/li>\n<\/ol>\n<\/div><\/details><\/div>\n<div class=\"lightweight-accordion bordered has-text-color has-background\"><details><summary class=\"lightweight-accordion-title\" style=\"color:#ffffff;background:#0099cd;\"><span>M\u00f3dulo III - REFLEXOLOG\u00cdA PODAL Y SUS IMPLICACIONES CON LA ANATOM\u00cdA DE LOS SISTEMAS I.<\/span><\/summary><div class=\"lightweight-accordion-body\" style=\"border-color:#0099cd;\"><h6><span style=\"color: #0099cd;\">Objetivos espec\u00edficos: <\/span>Describir la importancia de la reflexolog\u00eda podal en el estudio de la anatom\u00eda y fisiolog\u00eda de los sistemas linf\u00e1tico-inmunitario, \u00f3seo, muscular y urogenital mediante la activaci\u00f3n de los puntos reflejo.<\/h6>\n<h6><span style=\"color: #0099cd;\">Duraci\u00f3n: <\/span>20 horas<\/h6>\n<h6><span style=\"color: #0099cd;\">Contenidos:<\/span><\/h6>\n<ul>\n<li><strong>Anatom\u00eda y Fisiolog\u00eda de los sistemas Urogenital, linf\u00e1tico-inmunitario, \u00f3seo y nervioso.<\/strong><br \/>\n1. Sistema Urogenital.<br \/>\n2. Sistema linf\u00e1tico-inmunitario.<br \/>\n3. Sistema \u00d3seo.<br \/>\n4. Sistema Nervioso.<\/li>\n<\/ul>\n<\/div><\/details><\/div>\n<div class=\"lightweight-accordion bordered has-text-color has-background\"><details><summary class=\"lightweight-accordion-title\" style=\"color:#ffffff;background:#0099cd;\"><span>M\u00f3dulo IV - REFLEXOLOG\u00cdA PODAL Y SUS IMPLICACIONES CON LA ANATOM\u00cdA DE LOS SISTEMAS II. DESARROLLO PROFESIONAL DE LA REFLEXOLOG\u00cdA PODAL.<\/span><\/summary><div class=\"lightweight-accordion-body\" style=\"border-color:#0099cd;\"><h6><span style=\"color: #0099cd;\">Objetivos espec\u00edficos: <\/span><\/h6>\n<ul>\n<li>Describir la importancia de la reflexolog\u00eda podal en el estudio de la anatom\u00eda y fisiolog\u00eda e los sistemas circulatorio, respiratorio, digestivo, endocrino y reproductor a partir de la activaci\u00f3n de los puntos reflejo.<\/li>\n<li>Conocer de forma pr\u00e1ctica el ejercicio de la reflexolog\u00eda como una actividad profesional, normalizada y con fundamentos en \u00e1mbito de la salud.<\/li>\n<\/ul>\n<h6><span style=\"color: #0099cd;\">Duraci\u00f3n: <\/span>20 horas<\/h6>\n<h6><span style=\"color: #0099cd;\">Contenidos:<\/span><\/h6>\n<ul>\n<li><strong>Anatom\u00eda y Fisiolog\u00eda de los sistemas circulatorio, respiratorio, digestivo, endocrino reproductor.<\/strong><br \/>\n1. Sistema Circulatorio.<br \/>\n2. Sistema Respiratorio.<br \/>\n3. Sistema Digestivo.<br \/>\n4. Sistema Endocrino.<br \/>\n5. Sistema Reproductor.<\/li>\n<li><strong>Modelo de sesi\u00f3n de reflexolog\u00eda<\/strong><\/li>\n<li><strong>Modelo de sesi\u00f3n de relajaci\u00f3n y desintoxicaci\u00f3n f\u00edsico-emocional<\/strong><\/li>\n<li><strong>Ejercicio profesional de la reflexolog\u00eda<\/strong><br \/>\n1. \u00c9tica profesional y desarrollo del oficio dentro del marco legal.<br \/>\n2. La ficha cl\u00ednica.<br \/>\n3. Aplicaci\u00f3n pr\u00e1ctica en pacientes con diagn\u00f3sticos de enfermedades frecuentes.<br \/>\n4. Aromaterapia b\u00e1sica. Fundamentos.<br \/>\n5. Los aceites esenciales: preparaci\u00f3n de aceites y combinaciones.<\/li>\n<\/ul>\n<\/div><\/details><\/div>\n<div class=\"lightweight-accordion bordered has-text-color has-background\"><details><summary class=\"lightweight-accordion-title\" style=\"color:#ffffff;background:#0099cd;\"><span>M\u00f3dulo Final<\/span><\/summary><div class=\"lightweight-accordion-body\" style=\"border-color:#0099cd;\"><h6><span style=\"color: #0099cd;\">Webinar: Efectos, recomendaciones, indicaciones y contraindicaciones de la reflexolog\u00eda podal.<\/span><\/h6>\n<h6><span style=\"color: #0099cd;\">Objetivo:<\/span><\/h6>\n<ul>\n<li>Evaluar en forma general el ejercicio profesional de la reflexolog\u00eda podal, poniendo en pr\u00e1ctica las t\u00e9cnicas aprendidas durante el desarrollo del curso.<\/li>\n<\/ul>\n<\/div><\/details><\/div>\n","protected":false},"excerpt":{"rendered":"<h2><span style=\"color: #0099cd;\">Resumen del Curso<\/span><\/h2>\n<hr \/>\n<p><img decoding=\"async\" class=\"alignnone size-full wp-image-333\" style=\"font-weight: inherit;\" src=\"https:\/\/linketeach.cl\/wp-content\/uploads\/2021\/07\/education_computer_school_graduate_cap_monitor_icon_149680.png\" alt=\"\" width=\"48\" height=\"48\" \/>80 horas &#8211; 5 m\u00f3dulos<\/p>\n<p><img decoding=\"async\" class=\"alignnone size-full wp-image-332\" src=\"https:\/\/linketeach.cl\/wp-content\/uploads\/2021\/07\/education_book_learn_learning_icon_149694.png\" alt=\"\" width=\"48\" height=\"48\" \/><a href=\"https:\/\/site.redlearning.cl\/wp-content\/uploads\/2021\/01\/C-Reflexologia-Podal.pdf\" target=\"_blank\" rel=\"noopener\">Programa del Curso<\/a><\/p>\n<p><img decoding=\"async\" class=\"alignnone size-medium wp-image-335\" src=\"https:\/\/linketeach.cl\/wp-content\/uploads\/2021\/07\/notes_clipboard_icon_149712-1.png\" alt=\"\" width=\"48\" height=\"48\" \/>Evaluaci\u00f3n Final<\/p>\n<p><img loading=\"lazy\" decoding=\"async\" class=\"alignnone size-medium wp-image-334\" style=\"font-weight: inherit;\" src=\"https:\/\/linketeach.cl\/wp-content\/uploads\/2021\/07\/education_diploma_award_icon_149701.png\" alt=\"\" width=\"48\" height=\"48\" \/>Certificaci\u00f3n<\/p>\n<h3 style=\"text-align: left;\"><em><strong><a href=\"https:\/\/site.redlearning.cl\/inscripcion\/\" target=\"_blank\" rel=\"noopener\">!INSCRIBETE AQU\u00cd!<\/a><\/strong><\/em><\/h3>\n","protected":false},"featured_media":10453,"template":"","meta":{"site-sidebar-layout":"no-sidebar","site-content-layout":"default","ast-site-content-layout":"default","site-content-style":"default","site-sidebar-style":"default","ast-global-header-display":"","ast-banner-title-visibility":"","ast-main-header-display":"","ast-hfb-above-header-display":"","ast-hfb-below-header-display":"","ast-hfb-mobile-header-display":"","site-post-title":"","ast-breadcrumbs-content":"","ast-featured-img":"","footer-sml-layout":"","ast-disable-related-posts":"","theme-transparent-header-meta":"default","adv-header-id-meta":"","stick-header-meta":"","header-above-stick-meta":"","header-main-stick-meta":"","header-below-stick-meta":"","astra-migrate-meta-layouts":"set","ast-page-background-enabled":"default","ast-page-background-meta":{"desktop":{"background-color":"","background-image":"","background-repeat":"repeat","background-position":"center center","background-size":"auto","background-attachment":"scroll","background-type":"","background-media":"","overlay-type":"","overlay-color":"","overlay-opacity":"","overlay-gradient":""},"tablet":{"background-color":"","background-image":"","background-repeat":"repeat","background-position":"center center","background-size":"auto","background-attachment":"scroll","background-type":"","background-media":"","overlay-type":"","overlay-color":"","overlay-opacity":"","overlay-gradient":""},"mobile":{"background-color":"","background-image":"","background-repeat":"repeat","background-position":"center center","background-size":"auto","background-attachment":"scroll","background-type":"","background-media":"","overlay-type":"","overlay-color":"","overlay-opacity":"","overlay-gradient":""}},"ast-content-background-meta":{"desktop":{"background-color":"var(--ast-global-color-5)","background-image":"","background-repeat":"repeat","background-position":"center center","background-size":"auto","background-attachment":"scroll","background-type":"","background-media":"","overlay-type":"","overlay-color":"","overlay-opacity":"","overlay-gradient":""},"tablet":{"background-color":"var(--ast-global-color-5)","background-image":"","background-repeat":"repeat","background-position":"center center","background-size":"auto","background-attachment":"scroll","background-type":"","background-media":"","overlay-type":"","overlay-color":"","overlay-opacity":"","overlay-gradient":""},"mobile":{"background-color":"var(--ast-global-color-5)","background-image":"","background-repeat":"repeat","background-position":"center center","background-size":"auto","background-attachment":"scroll","background-type":"","background-media":"","overlay-type":"","overlay-color":"","overlay-opacity":"","overlay-gradient":""}},"_joinchat":[]},"product_brand":[],"product_cat":[425],"product_tag":[],"class_list":{"0":"post-10452","1":"product","2":"type-product","3":"status-publish","4":"has-post-thumbnail","6":"product_cat-cursos","7":"desktop-align-left","8":"tablet-align-left","9":"mobile-align-left","11":"first","12":"instock","13":"sale","14":"downloadable","15":"virtual","16":"sold-individually","17":"purchasable","18":"product-type-simple"},"_links":{"self":[{"href":"https:\/\/site.redlearning.cl\/index.php?rest_route=\/wp\/v2\/product\/10452","targetHints":{"allow":["GET"]}}],"collection":[{"href":"https:\/\/site.redlearning.cl\/index.php?rest_route=\/wp\/v2\/product"}],"about":[{"href":"https:\/\/site.redlearning.cl\/index.php?rest_route=\/wp\/v2\/types\/product"}],"wp:featuredmedia":[{"embeddable":true,"href":"https:\/\/site.redlearning.cl\/index.php?rest_route=\/wp\/v2\/media\/10453"}],"wp:attachment":[{"href":"https:\/\/site.redlearning.cl\/index.php?rest_route=%2Fwp%2Fv2%2Fmedia&parent=10452"}],"wp:term":[{"taxonomy":"product_brand","embeddable":true,"href":"https:\/\/site.redlearning.cl\/index.php?rest_route=%2Fwp%2Fv2%2Fproduct_brand&post=10452"},{"taxonomy":"product_cat","embeddable":true,"href":"https:\/\/site.redlearning.cl\/index.php?rest_route=%2Fwp%2Fv2%2Fproduct_cat&post=10452"},{"taxonomy":"product_tag","embeddable":true,"href":"https:\/\/site.redlearning.cl\/index.php?rest_route=%2Fwp%2Fv2%2Fproduct_tag&post=10452"}],"curies":[{"name":"wp","href":"https:\/\/api.w.org\/{rel}","templated":true}]}}