{"id":15309,"date":"2023-07-28T10:37:24","date_gmt":"2023-07-28T13:37:24","guid":{"rendered":"https:\/\/site.redlearning.cl\/?post_type=product&#038;p=15309"},"modified":"2025-11-03T17:39:36","modified_gmt":"2025-11-03T20:39:36","slug":"curso-farmacologia-odontologica-2","status":"publish","type":"product","link":"https:\/\/site.redlearning.cl\/?product=curso-farmacologia-odontologica-2","title":{"rendered":"Curso Farmacolog\u00eda Odontol\u00f3gica"},"content":{"rendered":"<p>La necesidad de educaci\u00f3n continua de los profesionales de la salud es permanente. En los \u00faltimos 20 a\u00f1os Chile ha experimentado un cambio sustantivo en lo que respecta a la oferta de servicios, tanto en el sistema p\u00fablico de salud como en el privado.<\/p>\n<p>En este escenario, el curso que presentamos se orienta a actualizar a los profesionales del \u00e1rea en los conocimientos, habilidades y actitudes necesarios para comprender, aplicar y valorar un nuevo modelo de atenci\u00f3n. Se estudian los conceptos generales de farmacodinamia y farmacocin\u00e9tica, como tambi\u00e9n las propiedades de los f\u00e1rmacos que se emplean en la prevenci\u00f3n, el diagn\u00f3stico y el tratamiento de las enfermedades m\u00e1s importantes y frecuentes, especialmente sus efectos farmacol\u00f3gicos, mecanismos de acci\u00f3n, caracter\u00edsticas farmacocin\u00e9ticas, principales usos cl\u00ednicos y reacciones adversas, con \u00e9nfasis en el prototipo de cada grupo de f\u00e1rmacos. Estudiaremos, adem\u00e1s, el abordaje farmacol\u00f3gico del paciente odontol\u00f3gico y la atenci\u00f3n segura del paciente polimedicado.<\/p>\n<h2><span style=\"color: #0099cd;\">Objetivo General<\/span><\/h2>\n<hr \/>\n<p>Preparar al Odont\u00f3logo en forma \u00edntegra, detallada y eficiente en el \u00e1rea de la Farmacolog\u00eda, permitiendo que el profesional sea capaz de evaluar cr\u00edticamente los efectos laterales, secundarios y t\u00f3xicos que pueden producir algunos F\u00e1rmacos.<\/p>\n<h2><span style=\"color: #0099cd;\">Metodolog\u00eda<\/span><\/h2>\n<hr \/>\n<p>Modalidad 100% Online, asincr\u00f3nico y a tu ritmo. Contar\u00e1s con tutores desde el principio al fin de tu formaci\u00f3n, nunca estar\u00e1s sol@.<\/p>\n<h2><span style=\"color: #0099cd;\">Temario<\/span><\/h2>\n<hr \/>\n<div class=\"lightweight-accordion bordered has-text-color has-background\"><details><summary class=\"lightweight-accordion-title\" style=\"color:#ffffff;background:#0099cd;\"><span>M\u00f3dulo I - Principios de farmacolog\u00eda<\/span><\/summary><div class=\"lightweight-accordion-body\" style=\"border-color:#0099cd;\"><h6><span style=\"color: #0099cd;\">Objetivos espec\u00edficos: <\/span><\/h6>\n<ul>\n<li>Comprender los conceptos b\u00e1sicos de la farmacolog\u00eda estableciendo la importancia de las interacciones farmacol\u00f3gicas en la prescripci\u00f3n de medicamentos de uso odontol\u00f3gico.<\/li>\n<li>Identifica los signos y s\u00edntomas de las interacciones farmacol\u00f3gicas m\u00e1s relevantes en odontolog\u00eda.<\/li>\n<\/ul>\n<h6><span style=\"color: #0099cd;\">Duraci\u00f3n: <\/span>25 horas<\/h6>\n<h6><span style=\"color: #0099cd;\">Contenidos:<\/span><\/h6>\n<ol>\n<li>INTRODUCCI\u00d3N<\/li>\n<li>FARMACOCIN\u00c9TICA\n<ol>\n<li>Liberaci\u00f3n<\/li>\n<li>Absorci\u00f3n<\/li>\n<li>Distribuci\u00f3n<\/li>\n<li>Metabolismo<\/li>\n<li>Excreci\u00f3n<\/li>\n<\/ol>\n<\/li>\n<li>FARMACODINAMIA<\/li>\n<li>INTERACCIONES FARMACOL\u00d3GICAS<\/li>\n<li>PRESCRIPCI\u00d3N DE MEDICAMENTOS DE USO ODONTOL\u00d3GICO<\/li>\n<\/ol>\n<\/div><\/details><\/div>\n<div class=\"lightweight-accordion bordered has-text-color has-background\"><details><summary class=\"lightweight-accordion-title\" style=\"color:#ffffff;background:#0099cd;\"><span>M\u00f3dulo II - Abordaje del paciente seg\u00fan sistema de clasificaci\u00f3n ASA II y ASA III (American Society of Anesthesiologists)<\/span><\/summary><div class=\"lightweight-accordion-body\" style=\"border-color:#0099cd;\"><h6><span style=\"color: #0099cd;\">Objetivos espec\u00edficos: <\/span>Establecer los mecanismos de atenci\u00f3n en relaci\u00f3n a los pacientes con enfermedad sist\u00e9mica leve controlada y no incapacitante y, pacientes con enfermedad sist\u00e9mica grave, pero no incapacitante.<\/h6>\n<h6><span style=\"color: #0099cd;\">Duraci\u00f3n: <\/span>25 horas<\/h6>\n<h6><span style=\"color: #0099cd;\">Contenidos:<\/span><\/h6>\n<ol>\n<li>Manejo del paciente con enfermedades cardiovasculares.<\/li>\n<li>Manejo del paciente con enfermedades metab\u00f3licas.<\/li>\n<li>Manejo del paciente con enfermedades hematol\u00f3gicas.<\/li>\n<li>Manejo del paciente con enfermedades renales.<\/li>\n<li>Manejo del paciente con enfermedades hep\u00e1ticas.<\/li>\n<li>Manejo del paciente con enfermedades autoinmunes.<\/li>\n<li>Manejo del paciente con necesidad y\/o tratamiento en salud mental (ansiedad, depresi\u00f3n, trastornos de p\u00e1nico).<\/li>\n<li>Manejo del paciente con enfermedades neurodegenerativas.<\/li>\n<li>Manejo del paciente con c\u00e1ncer.<\/li>\n<\/ol>\n<\/div><\/details><\/div>\n<div class=\"lightweight-accordion bordered has-text-color has-background\"><details><summary class=\"lightweight-accordion-title\" style=\"color:#ffffff;background:#0099cd;\"><span>M\u00f3dulo III - Abordaje farmacol\u00f3gico del paciente odontol\u00f3gico<\/span><\/summary><div class=\"lightweight-accordion-body\" style=\"border-color:#0099cd;\"><h6><span style=\"color: #0099cd;\">Objetivos espec\u00edficos: <\/span>Identifica los signos y s\u00edntomas de los efectos adversos producidos por los f\u00e1rmacos utilizados en el tratamiento de diversas patolog\u00edas.<\/h6>\n<h6><span style=\"color: #0099cd;\">Duraci\u00f3n: <\/span>25 horas<\/h6>\n<h6><span style=\"color: #0099cd;\">Contenidos:<\/span><\/h6>\n<ol>\n<li>Manejo del Dolor e inflamaci\u00f3n<\/li>\n<li>Anest\u00e9sicos locales, sedaci\u00f3n consciente, anest\u00e9sicos sist\u00e9micos<\/li>\n<li>Infecciones bacterianas, virales y f\u00fangicas<\/li>\n<li>Manejo de infecciones odontog\u00e9nicas y no odontog\u00e9nicas<\/li>\n<li>Manejo farmacol\u00f3gico de manifestaciones orales de infecciones sist\u00e9micas<\/li>\n<li>Formas farmac\u00e9uticas y administraci\u00f3n de medicamentos durante la atenci\u00f3n odontol\u00f3gica<\/li>\n<\/ol>\n<\/div><\/details><\/div>\n<div class=\"lightweight-accordion bordered has-text-color has-background\"><details><summary class=\"lightweight-accordion-title\" style=\"color:#ffffff;background:#0099cd;\"><span>M\u00f3dulo IV - Atenci\u00f3n odontol\u00f3gica segura del paciente polimedicado<\/span><\/summary><div class=\"lightweight-accordion-body\" style=\"border-color:#0099cd;\"><h6><span style=\"color: #0099cd;\">Objetivos espec\u00edficos: <\/span>Indicar alternativas seguras de tratamiento de acuerdo a las patolog\u00edas asociadas del paciente.<\/h6>\n<h6><span style=\"color: #0099cd;\">Duraci\u00f3n: <\/span>25 horas<\/h6>\n<h6><span style=\"color: #0099cd;\">Contenidos:<\/span><\/h6>\n<ol>\n<li>Ex\u00e1menes de laboratorio, signos de compensaci\u00f3n y descompensaci\u00f3n de patolog\u00edas de base.<\/li>\n<li>Reconocimiento y manejo de descompensaciones en contexto odontol\u00f3gico en pacientes polimedicados manifestaciones.<\/li>\n<li>Reconocimiento y manejo de manifestaciones orales en reacciones adversas a medicamentos.<\/li>\n<li>50 preguntas y respuestas frecuentes de farmacolog\u00eda aplicada a la odontolog\u00eda.<\/li>\n<\/ol>\n<\/div><\/details><\/div>\n<div class=\"lightweight-accordion bordered has-text-color has-background\"><details><summary class=\"lightweight-accordion-title\" style=\"color:#ffffff;background:#0099cd;\"><span>M\u00f3dulo Final: Resoluci\u00f3n de un caso de aplicaci\u00f3n <\/span><\/summary><div class=\"lightweight-accordion-body\" style=\"border-color:#0099cd;\"><h6><span style=\"color: #0099cd;\">TEST FINAL<br \/>\nPROYECTO DE INTEGRACI\u00d3N\u00a0<\/span><\/h6>\n<h6><span style=\"color: #0099cd;\">Duraci\u00f3n: <\/span>20 horas<\/h6>\n<h6><span style=\"color: #0099cd;\">Objetivo:<\/span><\/h6>\n<ul>\n<li>Demostrar la comprensi\u00f3n y habilidades de aplicaci\u00f3n a la labor de los contenidos desarrollados en el Curso.<\/li>\n<\/ul>\n<\/div><\/details><\/div>\n","protected":false},"excerpt":{"rendered":"<h2><span style=\"color: #0099cd;\">Resumen del Curso<\/span><\/h2>\n<hr \/>\n<p><img decoding=\"async\" class=\"alignnone size-full wp-image-333\" style=\"font-weight: inherit;\" src=\"https:\/\/linketeach.cl\/wp-content\/uploads\/2021\/07\/education_computer_school_graduate_cap_monitor_icon_149680.png\" alt=\"\" width=\"48\" height=\"48\" \/>120 horas &#8211; 5 m\u00f3dulos<\/p>\n<p><img decoding=\"async\" class=\"alignnone size-full wp-image-332\" src=\"https:\/\/linketeach.cl\/wp-content\/uploads\/2021\/07\/education_book_learn_learning_icon_149694.png\" alt=\"\" width=\"48\" height=\"48\" \/><a href=\"https:\/\/site.redlearning.cl\/wp-content\/uploads\/2021\/05\/C-Programa-farmacologia-odonto.pdf\" target=\"_blank\" rel=\"noopener\">Programa del Curso<\/a><\/p>\n<p><img decoding=\"async\" class=\"alignnone size-medium wp-image-335\" src=\"https:\/\/linketeach.cl\/wp-content\/uploads\/2021\/07\/notes_clipboard_icon_149712-1.png\" alt=\"\" width=\"48\" height=\"48\" \/>Evaluaci\u00f3n Final<\/p>\n<p><img loading=\"lazy\" decoding=\"async\" class=\"alignnone size-medium wp-image-334\" style=\"font-weight: inherit;\" src=\"https:\/\/linketeach.cl\/wp-content\/uploads\/2021\/07\/education_diploma_award_icon_149701.png\" alt=\"\" width=\"48\" height=\"48\" \/>Certificaci\u00f3n<\/p>\n","protected":false},"featured_media":10139,"template":"","meta":{"site-sidebar-layout":"no-sidebar","site-content-layout":"default","ast-site-content-layout":"default","site-content-style":"default","site-sidebar-style":"default","ast-global-header-display":"","ast-banner-title-visibility":"","ast-main-header-display":"","ast-hfb-above-header-display":"","ast-hfb-below-header-display":"","ast-hfb-mobile-header-display":"","site-post-title":"","ast-breadcrumbs-content":"","ast-featured-img":"","footer-sml-layout":"","ast-disable-related-posts":"","theme-transparent-header-meta":"default","adv-header-id-meta":"","stick-header-meta":"","header-above-stick-meta":"","header-main-stick-meta":"","header-below-stick-meta":"","astra-migrate-meta-layouts":"set","ast-page-background-enabled":"default","ast-page-background-meta":{"desktop":{"background-color":"","background-image":"","background-repeat":"repeat","background-position":"center center","background-size":"auto","background-attachment":"scroll","background-type":"","background-media":"","overlay-type":"","overlay-color":"","overlay-opacity":"","overlay-gradient":""},"tablet":{"background-color":"","background-image":"","background-repeat":"repeat","background-position":"center center","background-size":"auto","background-attachment":"scroll","background-type":"","background-media":"","overlay-type":"","overlay-color":"","overlay-opacity":"","overlay-gradient":""},"mobile":{"background-color":"","background-image":"","background-repeat":"repeat","background-position":"center center","background-size":"auto","background-attachment":"scroll","background-type":"","background-media":"","overlay-type":"","overlay-color":"","overlay-opacity":"","overlay-gradient":""}},"ast-content-background-meta":{"desktop":{"background-color":"var(--ast-global-color-5)","background-image":"","background-repeat":"repeat","background-position":"center center","background-size":"auto","background-attachment":"scroll","background-type":"","background-media":"","overlay-type":"","overlay-color":"","overlay-opacity":"","overlay-gradient":""},"tablet":{"background-color":"var(--ast-global-color-5)","background-image":"","background-repeat":"repeat","background-position":"center center","background-size":"auto","background-attachment":"scroll","background-type":"","background-media":"","overlay-type":"","overlay-color":"","overlay-opacity":"","overlay-gradient":""},"mobile":{"background-color":"var(--ast-global-color-5)","background-image":"","background-repeat":"repeat","background-position":"center center","background-size":"auto","background-attachment":"scroll","background-type":"","background-media":"","overlay-type":"","overlay-color":"","overlay-opacity":"","overlay-gradient":""}},"_joinchat":[]},"product_brand":[],"product_cat":[425,290],"product_tag":[],"class_list":{"0":"post-15309","1":"product","2":"type-product","3":"status-publish","4":"has-post-thumbnail","6":"product_cat-cursos","7":"product_cat-cursos-odontologia","8":"desktop-align-left","9":"tablet-align-left","10":"mobile-align-left","12":"first","13":"instock","14":"sale","15":"downloadable","16":"virtual","17":"sold-individually","18":"purchasable","19":"product-type-simple"},"_links":{"self":[{"href":"https:\/\/site.redlearning.cl\/index.php?rest_route=\/wp\/v2\/product\/15309","targetHints":{"allow":["GET"]}}],"collection":[{"href":"https:\/\/site.redlearning.cl\/index.php?rest_route=\/wp\/v2\/product"}],"about":[{"href":"https:\/\/site.redlearning.cl\/index.php?rest_route=\/wp\/v2\/types\/product"}],"wp:featuredmedia":[{"embeddable":true,"href":"https:\/\/site.redlearning.cl\/index.php?rest_route=\/wp\/v2\/media\/10139"}],"wp:attachment":[{"href":"https:\/\/site.redlearning.cl\/index.php?rest_route=%2Fwp%2Fv2%2Fmedia&parent=15309"}],"wp:term":[{"taxonomy":"product_brand","embeddable":true,"href":"https:\/\/site.redlearning.cl\/index.php?rest_route=%2Fwp%2Fv2%2Fproduct_brand&post=15309"},{"taxonomy":"product_cat","embeddable":true,"href":"https:\/\/site.redlearning.cl\/index.php?rest_route=%2Fwp%2Fv2%2Fproduct_cat&post=15309"},{"taxonomy":"product_tag","embeddable":true,"href":"https:\/\/site.redlearning.cl\/index.php?rest_route=%2Fwp%2Fv2%2Fproduct_tag&post=15309"}],"curies":[{"name":"wp","href":"https:\/\/api.w.org\/{rel}","templated":true}]}}