{"id":15331,"date":"2023-07-28T12:35:59","date_gmt":"2023-07-28T15:35:59","guid":{"rendered":"https:\/\/site.redlearning.cl\/?post_type=product&#038;p=15331"},"modified":"2025-11-03T17:38:44","modified_gmt":"2025-11-03T20:38:44","slug":"curso-manejo-de-patologias-prevalentes-ges-odontologos-2","status":"publish","type":"product","link":"https:\/\/site.redlearning.cl\/?product=curso-manejo-de-patologias-prevalentes-ges-odontologos-2","title":{"rendered":"Curso Manejo de Patolog\u00edas Prevalentes GES: Odont\u00f3logos"},"content":{"rendered":"<p>El GES o (Garant\u00edas Explicitas en Salud) es una pol\u00edtica p\u00fablica que busca entregar atenci\u00f3n de salud a un listado de 80 enfermedades o condiciones; garantizando atenci\u00f3n de calidad, con tiempos acotados de espera y valores conocidos de antemano. En odontolog\u00eda se garantiza:<\/p>\n<ul>\n<li>Atenci\u00f3n integral de los pacientes con fisura labio-palatina.<\/li>\n<li>Atenci\u00f3n integral para pacientes de 6 a\u00f1os.<\/li>\n<li>Atenci\u00f3n integral para pacientes de 60 a\u00f1os.<\/li>\n<li>Atenci\u00f3n integral de pacientes embarazadas.<\/li>\n<li>Atenci\u00f3n de urgencias odontol\u00f3gicas ambulatorias.<\/li>\n<\/ul>\n<p>Este curso busca profundizar en el conocimiento del \u00e1rea Odontol\u00f3gica, entregando las \u00faltimas actualizaciones en el manejo ambulatorio de pacientes con patolog\u00edas sist\u00e9micas, sustentado en las gu\u00edas ministeriales nacionales, protocolos internacionales y la evidencia cient\u00edfica disponible.<\/p>\n<h2><span style=\"color: #0099cd;\">Objetivo General<\/span><\/h2>\n<hr \/>\n<p>Inferir los diversos diagn\u00f3sticos, tratamiento y procedimientos en relaci\u00f3n a las patolog\u00edas odontol\u00f3gicas con cobertura GES, mediante la evaluaci\u00f3n sist\u00e9mica y aplicaci\u00f3n de protocolos actuales en la atenci\u00f3n de salud odontol\u00f3gica ambulatoria de pacientes adultos.<\/p>\n<h2><span style=\"color: #0099cd;\">Metodolog\u00eda<\/span><\/h2>\n<hr \/>\n<p>Modalidad 100% Online, asincr\u00f3nico y a tu ritmo. Contar\u00e1s con tutores desde el principio al fin de tu formaci\u00f3n, nunca estar\u00e1s sol@.<\/p>\n<h2><span style=\"color: #0099cd;\">Temario<\/span><\/h2>\n<hr \/>\n<div class=\"lightweight-accordion bordered has-text-color has-background\"><details><summary class=\"lightweight-accordion-title\" style=\"color:#ffffff;background:#0099cd;\"><span>M\u00f3dulo I - Patolog\u00edas Odontol\u00f3gicas Prevalentes con cobertura GES<\/span><\/summary><div class=\"lightweight-accordion-body\" style=\"border-color:#0099cd;\"><h6><span style=\"color: #0099cd;\">Objetivos espec\u00edficos: <\/span>Conocer los fundamentos te\u00f3ricos-pr\u00e1cticos de las Garant\u00edas Expl\u00edcitas en Salud (GES) y las Patolog\u00edas Odontol\u00f3gicas Prevalentes con cobertura GES<\/h6>\n<h6><span style=\"color: #0099cd;\">Duraci\u00f3n: <\/span>30 horas<\/h6>\n<h6><span style=\"color: #0099cd;\">Contenidos:<\/span><\/h6>\n<ul>\n<li>Las Ges en odontolog\u00eda.<\/li>\n<li>Aspectos relevantes de la semiolog\u00eda y ficha cl\u00ednica en odontolog\u00eda.<\/li>\n<li><strong>AUGE N\u00b0 66:<\/strong> Salud oral integral de la embarazada. Patolog\u00edas incorporadas, Garant\u00eda de acceso, Garant\u00eda de oportunidad, Garant\u00eda de protecci\u00f3n financiera<\/li>\n<li><strong>AUGE N\u00b0 23:<\/strong> Salud oral integral para ni\u00f1os y ni\u00f1as de 6 a\u00f1os. Patolog\u00edas incorporadas, Garant\u00eda de acceso, Garant\u00eda de oportunidad, Garant\u00eda de protecci\u00f3n financiera<\/li>\n<li><strong>AUGE N\u00b0 46:<\/strong> Urgencia Odontol\u00f3gica Ambulatoria. Patolog\u00edas incorporadas, Garant\u00eda de acceso, Garant\u00eda de oportunidad, Garant\u00eda de protecci\u00f3n financiera<\/li>\n<li><strong>AUGE N\u00b0 47:<\/strong> Salud Oral Integral del adulto de 60 a\u00f1os. Patolog\u00edas incorporadas, Garant\u00eda de acceso, Garant\u00eda de oportunidad, Garant\u00eda de protecci\u00f3n financiera<\/li>\n<\/ul>\n<\/div><\/details><\/div>\n<div class=\"lightweight-accordion bordered has-text-color has-background\"><details><summary class=\"lightweight-accordion-title\" style=\"color:#ffffff;background:#0099cd;\"><span>M\u00f3dulo II - Descripci\u00f3n de algunas patolog\u00edas m\u00e1s frecuentes. Parte I<\/span><\/summary><div class=\"lightweight-accordion-body\" style=\"border-color:#0099cd;\"><h6><span style=\"color: #0099cd;\">Objetivos espec\u00edficos: <\/span>Describir las Patolog\u00edas Odontol\u00f3gicas Prevalentes en la cobertura GES<\/h6>\n<h6><span style=\"color: #0099cd;\">Duraci\u00f3n: <\/span>30 horas<\/h6>\n<h6><span style=\"color: #0099cd;\">Contenidos:<\/span><\/h6>\n<ul>\n<li>Atenci\u00f3n odontol\u00f3gica del paciente diab\u00e9tico.<\/li>\n<li>Implicancias de la HTA y Cardiopat\u00edas en el paciente odontol\u00f3gico.<\/li>\n<li>Coagulopat\u00edas y consumo de anticoagulantes orales en el paciente odontol\u00f3gico.<\/li>\n<li>Implicancias de las hepatopat\u00edas y nefropat\u00edas para el tratamiento odontol\u00f3gico.<\/li>\n<\/ul>\n<\/div><\/details><\/div>\n<div class=\"lightweight-accordion bordered has-text-color has-background\"><details><summary class=\"lightweight-accordion-title\" style=\"color:#ffffff;background:#0099cd;\"><span>M\u00f3dulo III - Descripci\u00f3n de algunas patolog\u00edas m\u00e1s frecuentes. Parte II <\/span><\/summary><div class=\"lightweight-accordion-body\" style=\"border-color:#0099cd;\"><h6><span style=\"color: #0099cd;\">Objetivos espec\u00edficos: <\/span>Conocer las Patolog\u00edas Odontol\u00f3gicas Prevalentes en la cobertura GES<\/h6>\n<h6><span style=\"color: #0099cd;\">Duraci\u00f3n: <\/span>30 horas<\/h6>\n<h6><span style=\"color: #0099cd;\">Contenidos:<\/span><\/h6>\n<ul>\n<li>Inmunodeficiencia y atenci\u00f3n odontol\u00f3gica ambulatoria<\/li>\n<li>Abuso de sustancias, drogas y alcohol en el paciente odontol\u00f3gico<\/li>\n<li>Atenci\u00f3n de pacientes con depresi\u00f3n y\/o estr\u00e9s en la consulta odontol\u00f3gica<\/li>\n<li>Otras patolog\u00edas complejas en la Atenci\u00f3n Odontol\u00f3gica Ambulatoria: Uso de bifosfonatos y Alteraciones tiroideas<\/li>\n<\/ul>\n<\/div><\/details><\/div>\n<div class=\"lightweight-accordion bordered has-text-color has-background\"><details><summary class=\"lightweight-accordion-title\" style=\"color:#ffffff;background:#0099cd;\"><span>M\u00f3dulo Final<\/span><\/summary><div class=\"lightweight-accordion-body\" style=\"border-color:#0099cd;\"><h6><span style=\"color: #0099cd;\">TEST GLOBAL<br \/>\nRESOLUCI\u00d3N DE CASOS CL\u00cdNICOS<\/span><\/h6>\n<h6><span style=\"color: #0099cd;\">Duraci\u00f3n: <\/span>30 horas<\/h6>\n<h6><span style=\"color: #0099cd;\">Objetivo:<\/span><\/h6>\n<ul>\n<li>Aplicar los fundamentos te\u00f3ricos, como procedimientos, indicaciones y tratamientos de un caso cl\u00ednico en Salud Bucal en la cobertura GES.<\/li>\n<\/ul>\n<\/div><\/details><\/div>\n","protected":false},"excerpt":{"rendered":"<h2><span style=\"color: #0099cd;\">Resumen del Curso<\/span><\/h2>\n<hr \/>\n<p><img decoding=\"async\" class=\"alignnone size-full wp-image-333\" style=\"font-weight: inherit;\" src=\"https:\/\/linketeach.cl\/wp-content\/uploads\/2021\/07\/education_computer_school_graduate_cap_monitor_icon_149680.png\" alt=\"\" width=\"48\" height=\"48\" \/>120 horas &#8211; 4 m\u00f3dulos<\/p>\n<p><img decoding=\"async\" class=\"alignnone size-full wp-image-332\" src=\"https:\/\/linketeach.cl\/wp-content\/uploads\/2021\/07\/education_book_learn_learning_icon_149694.png\" alt=\"\" width=\"48\" height=\"48\" \/><a href=\"https:\/\/site.redlearning.cl\/wp-content\/uploads\/2021\/11\/RD_1803_brochure_manejo_patologias_prevalentes_ges_odontologos_04.pdf\" target=\"_blank\" rel=\"noopener\">Programa del Curso<\/a><\/p>\n<p><img decoding=\"async\" class=\"alignnone size-medium wp-image-335\" src=\"https:\/\/linketeach.cl\/wp-content\/uploads\/2021\/07\/notes_clipboard_icon_149712-1.png\" alt=\"\" width=\"48\" height=\"48\" \/>Evaluaci\u00f3n Final<\/p>\n<p><img loading=\"lazy\" decoding=\"async\" class=\"alignnone size-medium wp-image-334\" style=\"font-weight: inherit;\" src=\"https:\/\/linketeach.cl\/wp-content\/uploads\/2021\/07\/education_diploma_award_icon_149701.png\" alt=\"\" width=\"48\" height=\"48\" \/>Certificaci\u00f3n<\/p>\n","protected":false},"featured_media":10140,"template":"","meta":{"site-sidebar-layout":"no-sidebar","site-content-layout":"default","ast-site-content-layout":"default","site-content-style":"default","site-sidebar-style":"default","ast-global-header-display":"","ast-banner-title-visibility":"","ast-main-header-display":"","ast-hfb-above-header-display":"","ast-hfb-below-header-display":"","ast-hfb-mobile-header-display":"","site-post-title":"","ast-breadcrumbs-content":"","ast-featured-img":"","footer-sml-layout":"","ast-disable-related-posts":"","theme-transparent-header-meta":"default","adv-header-id-meta":"","stick-header-meta":"","header-above-stick-meta":"","header-main-stick-meta":"","header-below-stick-meta":"","astra-migrate-meta-layouts":"set","ast-page-background-enabled":"default","ast-page-background-meta":{"desktop":{"background-color":"","background-image":"","background-repeat":"repeat","background-position":"center center","background-size":"auto","background-attachment":"scroll","background-type":"","background-media":"","overlay-type":"","overlay-color":"","overlay-opacity":"","overlay-gradient":""},"tablet":{"background-color":"","background-image":"","background-repeat":"repeat","background-position":"center center","background-size":"auto","background-attachment":"scroll","background-type":"","background-media":"","overlay-type":"","overlay-color":"","overlay-opacity":"","overlay-gradient":""},"mobile":{"background-color":"","background-image":"","background-repeat":"repeat","background-position":"center center","background-size":"auto","background-attachment":"scroll","background-type":"","background-media":"","overlay-type":"","overlay-color":"","overlay-opacity":"","overlay-gradient":""}},"ast-content-background-meta":{"desktop":{"background-color":"var(--ast-global-color-5)","background-image":"","background-repeat":"repeat","background-position":"center center","background-size":"auto","background-attachment":"scroll","background-type":"","background-media":"","overlay-type":"","overlay-color":"","overlay-opacity":"","overlay-gradient":""},"tablet":{"background-color":"var(--ast-global-color-5)","background-image":"","background-repeat":"repeat","background-position":"center center","background-size":"auto","background-attachment":"scroll","background-type":"","background-media":"","overlay-type":"","overlay-color":"","overlay-opacity":"","overlay-gradient":""},"mobile":{"background-color":"var(--ast-global-color-5)","background-image":"","background-repeat":"repeat","background-position":"center center","background-size":"auto","background-attachment":"scroll","background-type":"","background-media":"","overlay-type":"","overlay-color":"","overlay-opacity":"","overlay-gradient":""}},"_joinchat":[]},"product_brand":[],"product_cat":[425,290],"product_tag":[],"class_list":{"0":"post-15331","1":"product","2":"type-product","3":"status-publish","4":"has-post-thumbnail","6":"product_cat-cursos","7":"product_cat-cursos-odontologia","8":"desktop-align-left","9":"tablet-align-left","10":"mobile-align-left","12":"first","13":"instock","14":"sale","15":"downloadable","16":"virtual","17":"sold-individually","18":"purchasable","19":"product-type-simple"},"_links":{"self":[{"href":"https:\/\/site.redlearning.cl\/index.php?rest_route=\/wp\/v2\/product\/15331","targetHints":{"allow":["GET"]}}],"collection":[{"href":"https:\/\/site.redlearning.cl\/index.php?rest_route=\/wp\/v2\/product"}],"about":[{"href":"https:\/\/site.redlearning.cl\/index.php?rest_route=\/wp\/v2\/types\/product"}],"wp:featuredmedia":[{"embeddable":true,"href":"https:\/\/site.redlearning.cl\/index.php?rest_route=\/wp\/v2\/media\/10140"}],"wp:attachment":[{"href":"https:\/\/site.redlearning.cl\/index.php?rest_route=%2Fwp%2Fv2%2Fmedia&parent=15331"}],"wp:term":[{"taxonomy":"product_brand","embeddable":true,"href":"https:\/\/site.redlearning.cl\/index.php?rest_route=%2Fwp%2Fv2%2Fproduct_brand&post=15331"},{"taxonomy":"product_cat","embeddable":true,"href":"https:\/\/site.redlearning.cl\/index.php?rest_route=%2Fwp%2Fv2%2Fproduct_cat&post=15331"},{"taxonomy":"product_tag","embeddable":true,"href":"https:\/\/site.redlearning.cl\/index.php?rest_route=%2Fwp%2Fv2%2Fproduct_tag&post=15331"}],"curies":[{"name":"wp","href":"https:\/\/api.w.org\/{rel}","templated":true}]}}