{"id":15353,"date":"2023-07-28T15:27:22","date_gmt":"2023-07-28T18:27:22","guid":{"rendered":"https:\/\/site.redlearning.cl\/?post_type=product&#038;p=15353"},"modified":"2025-11-03T17:37:58","modified_gmt":"2025-11-03T20:37:58","slug":"curso-urgencias-para-tecnicos-de-la-salud-2","status":"publish","type":"product","link":"https:\/\/redlearning.cl\/producto\/curso-urgencias-para-tecnicos-de-la-salud-2\/","title":{"rendered":"Curso Urgencias para T\u00e9cnicos de la Salud"},"content":{"rendered":"<p>La atenci\u00f3n de urgencia se centra en personas que se encuentran en una condici\u00f3n de dependencia frente al profesional sanitario, as\u00ed pues para salir de esa condici\u00f3n, el paciente requiere de apoyo eficaz y eficiente del profesional de salud, m\u00e1s aun la adecuada atenci\u00f3n en una situaci\u00f3n de urgencia y emergencias disminuye las complicaciones y secuelas en las que pueda estar expuesto el paciente.<\/p>\n<p>Generar una atenci\u00f3n de urgencia y emergencia adecuada, requiere de profesionales altamente capacitados para discernir los cuidados adecuados en el momento oportuno y en las mejores condiciones, puesto que la necesidad de atenci\u00f3n es contra el tiempo. Este programa de diplomado pretende entregar a los profesionales de la salud las competencias esenciales para otorgar cuidado en situaciones de urgencia, emergencias y desastres. El programa se desarrolla en diez unidades tem\u00e1ticas interrelacionadas destinadas a adquirir gradualmente los conocimientos y las destrezas que se requieren para lograr el objetivo general propuesto.<\/p>\n<h2><span style=\"color: #0099cd;\">Objetivo General<\/span><\/h2>\n<hr \/>\n<p>Desarrollar y fortalecer la formaci\u00f3n de los profesionales t\u00e9cnicos en salud que se ven enfrentados a situaciones de emergencias y\/o urgencias, y que deben responder con los m\u00e1s altos est\u00e1ndares de calidad, con competencias cient\u00edficas y tecnol\u00f3gicas y valores humanistas y \u00e9ticos, proporcionando actualizaci\u00f3n en procedimientos t\u00e9cnicos, para brindar al profesional la asistencia que corresponde frente a una urgencia y\/o emergencia. Con el fin de crear un trabajo en equipo en beneficio a quien lo necesite.<\/p>\n<h2><span style=\"color: #0099cd;\">Metodolog\u00eda<\/span><\/h2>\n<hr \/>\n<p>Modalidad 100% Online, asincr\u00f3nico y a tu ritmo. Contar\u00e1s con tutores desde el principio al fin de tu formaci\u00f3n, nunca estar\u00e1s sol@.<\/p>\n<h2><span style=\"color: #0099cd;\">Temario<\/span><\/h2>\n<hr \/>\n<div class=\"lightweight-accordion bordered has-text-color has-background\"><details><summary class=\"lightweight-accordion-title\" style=\"color:#ffffff;background:#0099cd;\"><span>M\u00f3dulo I - Bases de la atenci\u00f3n de urgencias en atenci\u00f3n primaria<\/span><\/summary><div class=\"lightweight-accordion-body\" style=\"border-color:#0099cd;\"><h6><span style=\"color: #0099cd;\">Objetivos espec\u00edficos: <\/span>Manejar criterios de atenci\u00f3n y priorizaci\u00f3n de enfermos que llegan a la urgencia.<\/h6>\n<h6><span style=\"color: #0099cd;\">Duraci\u00f3n: <\/span>30 horas<\/h6>\n<h6><span style=\"color: #0099cd;\">Contenidos:<\/span><\/h6>\n<ul>\n<li>Introducci\u00f3n, Historia y Generalidades<\/li>\n<li>T\u00e9cnicas de atenci\u00f3n en escenarios de urgencia (Box, PreH)<\/li>\n<li>Manejo de triaje m\u00faltiples v\u00edctimas.<\/li>\n<li>Triage en escenarios cl\u00ednicos<\/li>\n<li>Aspectos Pr\u00e1cticos del Triage y selector de demanda en Chile<\/li>\n<\/ul>\n<\/div><\/details><\/div>\n<div class=\"lightweight-accordion bordered has-text-color has-background\"><details><summary class=\"lightweight-accordion-title\" style=\"color:#ffffff;background:#0099cd;\"><span>M\u00f3dulo II - Reanimaci\u00f3n<\/span><\/summary><div class=\"lightweight-accordion-body\" style=\"border-color:#0099cd;\"><h6><span style=\"color: #0099cd;\">Objetivos espec\u00edficos: <\/span>Aplicar m\u00e9todos de reanimaci\u00f3n de uso habitual en salas de urgencia de la APS (Actualizaci\u00f3n Gu\u00eda AHA 2015).<\/h6>\n<h6><span style=\"color: #0099cd;\">Duraci\u00f3n: <\/span>30 horas<\/h6>\n<h6><span style=\"color: #0099cd;\">Contenidos:<\/span><\/h6>\n<ul>\n<li>Implementaci\u00f3n del Box Reanimador en APS<\/li>\n<li>Consideraciones con el Carro de Reanimaci\u00f3n y Box Reanimador<\/li>\n<li>BLS y manejo DEA \u201cDesfibrilador Externo Autom\u00e1tico\u201d.<\/li>\n<li>Rol del TENS en box de urgencia.<\/li>\n<\/ul>\n<\/div><\/details><\/div>\n<div class=\"lightweight-accordion bordered has-text-color has-background\"><details><summary class=\"lightweight-accordion-title\" style=\"color:#ffffff;background:#0099cd;\"><span>M\u00f3dulo III - Enfermedades m\u00e1s presentes en un servicio de urgencia<\/span><\/summary><div class=\"lightweight-accordion-body\" style=\"border-color:#0099cd;\"><h6><span style=\"color: #0099cd;\">Objetivos espec\u00edficos: <\/span>Manejar estrategias que contribuyan al fortalecimiento de diagn\u00f3sticos eficaces<\/h6>\n<h6><span style=\"color: #0099cd;\">Duraci\u00f3n: <\/span>30 horas<\/h6>\n<h6><span style=\"color: #0099cd;\">Contenidos:<\/span><\/h6>\n<ul>\n<li>Dolor tor\u00e1cico<\/li>\n<li>Edema Pulmonar Agudo<\/li>\n<li>HTA<\/li>\n<li>Insuficiencia Respiratoria aguda \/cr\u00f3nico agudizado<\/li>\n<li>Cefalea<\/li>\n<li>Neumon\u00eda grave<\/li>\n<li>Asma<\/li>\n<li>Alteraci\u00f3n de conciencia<\/li>\n<li>Enfermedad cerebro vascular<\/li>\n<li>Mareos y v\u00e9rtigo<\/li>\n<\/ul>\n<\/div><\/details><\/div>\n<div class=\"lightweight-accordion bordered has-text-color has-background\"><details><summary class=\"lightweight-accordion-title\" style=\"color:#ffffff;background:#0099cd;\"><span>M\u00f3dulo IV - Toxicolog\u00eda de urgencia<\/span><\/summary><div class=\"lightweight-accordion-body\" style=\"border-color:#0099cd;\"><h6><span style=\"color: #0099cd;\">Objetivos espec\u00edficos: <\/span>Detectar con rapidez los casos toxicol\u00f3gicos en emergencias.<\/h6>\n<h6><span style=\"color: #0099cd;\">Duraci\u00f3n: <\/span>30 horas<\/h6>\n<h6><span style=\"color: #0099cd;\">Contenidos:<\/span><\/h6>\n<ul>\n<li>Descontaminaci\u00f3n digestiva de t\u00f3xicos. T\u00e9cnicas e indicaciones<\/li>\n<li>Rol de Enfermer\u00eda en el manejo de principales intoxicaciones<\/li>\n<\/ul>\n<\/div><\/details><\/div>\n<div class=\"lightweight-accordion bordered has-text-color has-background\"><details><summary class=\"lightweight-accordion-title\" style=\"color:#ffffff;background:#0099cd;\"><span>M\u00f3dulo V - Urgencias varias<\/span><\/summary><div class=\"lightweight-accordion-body\" style=\"border-color:#0099cd;\"><h6><span style=\"color: #0099cd;\">Objetivos espec\u00edficos: <\/span>Estimar las posibles urgencias m\u00e1s comunes ante la consulta del paciente.<\/h6>\n<h6><span style=\"color: #0099cd;\">Duraci\u00f3n: <\/span>30 horas<\/h6>\n<h6><span style=\"color: #0099cd;\">Contenidos:<\/span><\/h6>\n<ul>\n<li>Parto de urgencia.<\/li>\n<li>Hemorragia Digestiva<\/li>\n<li>At de enf en la HDA<\/li>\n<li>Diarrea aguda, poblaci\u00f3n de riesgo, cuando trasladar<\/li>\n<li>Emergencias endocrinol\u00f3gicas: diabetes,trastorno tiroides, Addison<\/li>\n<li>Manejo de enfermer\u00eda de complicaciones agudas de la DM<\/li>\n<li>Alergias y Anafilaxis<\/li>\n<li>Intoxicaciones alimentarias<\/li>\n<\/ul>\n<\/div><\/details><\/div>\n<div class=\"lightweight-accordion bordered has-text-color has-background\"><details><summary class=\"lightweight-accordion-title\" style=\"color:#ffffff;background:#0099cd;\"><span>M\u00f3dulo VI - Traumas<\/span><\/summary><div class=\"lightweight-accordion-body\" style=\"border-color:#0099cd;\"><h6><span style=\"color: #0099cd;\">Objetivos espec\u00edficos: <\/span>Extrapolar los conceptos desarrollados al campo cl\u00ednico de urgencias.<\/h6>\n<h6><span style=\"color: #0099cd;\">Duraci\u00f3n: <\/span>30 horas<\/h6>\n<h6><span style=\"color: #0099cd;\">Contenidos:<\/span><\/h6>\n<ul>\n<li>Cinem\u00e1tica del trauma<\/li>\n<li>At. de enf. en el paciente politraumatizado<\/li>\n<li>TEC<\/li>\n<li>Cuidados de enf. En el pacte con TEC<\/li>\n<li>Trauma de T\u00f3rax, Trauma Abdominal<\/li>\n<li>Fractura de Pelvis<\/li>\n<li>Trauma genitourinario<\/li>\n<li>Fracturas extremidad superior e inferior<\/li>\n<li>T\u00e9cnicas de inmovilizaci\u00f3n<\/li>\n<\/ul>\n<\/div><\/details><\/div>\n<div class=\"lightweight-accordion bordered has-text-color has-background\"><details><summary class=\"lightweight-accordion-title\" style=\"color:#ffffff;background:#0099cd;\"><span>M\u00f3dulo Final<\/span><\/summary><div class=\"lightweight-accordion-body\" style=\"border-color:#0099cd;\"><h6><span style=\"color: #0099cd;\">TRABAJO FINAL<br \/>\nRESOLUCI\u00d3N DE UN CASO DE APLICACI\u00d3N<\/span><\/h6>\n<h6><span style=\"color: #0099cd;\">Duraci\u00f3n: <\/span>20 horas<\/h6>\n<h6><span style=\"color: #0099cd;\">Objetivo:<\/span><\/h6>\n<ul>\n<li>Demostrar la comprensi\u00f3n y habilidades de aplicaci\u00f3n a la labor de los contenidos desarrollados en el Curso.<\/li>\n<\/ul>\n<\/div><\/details><\/div>\n","protected":false},"excerpt":{"rendered":"<h2><span style=\"color: #0099cd;\">Resumen del Curso<\/span><\/h2>\n<hr \/>\n<p><img decoding=\"async\" class=\"alignnone size-full wp-image-333\" style=\"font-weight: inherit;\" src=\"https:\/\/linketeach.cl\/wp-content\/uploads\/2021\/07\/education_computer_school_graduate_cap_monitor_icon_149680.png\" alt=\"\" width=\"48\" height=\"48\" \/>200 horas &#8211; 7 m\u00f3dulos<\/p>\n<p><img decoding=\"async\" class=\"alignnone size-full wp-image-332\" src=\"https:\/\/linketeach.cl\/wp-content\/uploads\/2021\/07\/education_book_learn_learning_icon_149694.png\" alt=\"\" width=\"48\" height=\"48\" \/><a href=\"https:\/\/site.redlearning.cl\/wp-content\/uploads\/2021\/01\/C-Urgencias-TENS.pdf\" target=\"_blank\" rel=\"noopener\">Programa del Curso<\/a><\/p>\n<p><img decoding=\"async\" class=\"alignnone size-medium wp-image-335\" src=\"https:\/\/linketeach.cl\/wp-content\/uploads\/2021\/07\/notes_clipboard_icon_149712-1.png\" alt=\"\" width=\"48\" height=\"48\" \/>Evaluaci\u00f3n Final<\/p>\n<p><img loading=\"lazy\" decoding=\"async\" class=\"alignnone size-medium wp-image-334\" style=\"font-weight: inherit;\" src=\"https:\/\/linketeach.cl\/wp-content\/uploads\/2021\/07\/education_diploma_award_icon_149701.png\" alt=\"\" width=\"48\" height=\"48\" \/>Certificaci\u00f3n<\/p>\n","protected":false},"featured_media":10106,"template":"","meta":{"site-sidebar-layout":"no-sidebar","site-content-layout":"default","ast-site-content-layout":"default","site-content-style":"default","site-sidebar-style":"default","ast-global-header-display":"","ast-banner-title-visibility":"","ast-main-header-display":"","ast-hfb-above-header-display":"","ast-hfb-below-header-display":"","ast-hfb-mobile-header-display":"","site-post-title":"","ast-breadcrumbs-content":"","ast-featured-img":"","footer-sml-layout":"","ast-disable-related-posts":"","theme-transparent-header-meta":"default","adv-header-id-meta":"","stick-header-meta":"","header-above-stick-meta":"","header-main-stick-meta":"","header-below-stick-meta":"","astra-migrate-meta-layouts":"set","ast-page-background-enabled":"default","ast-page-background-meta":{"desktop":{"background-color":"","background-image":"","background-repeat":"repeat","background-position":"center center","background-size":"auto","background-attachment":"scroll","background-type":"","background-media":"","overlay-type":"","overlay-color":"","overlay-opacity":"","overlay-gradient":""},"tablet":{"background-color":"","background-image":"","background-repeat":"repeat","background-position":"center center","background-size":"auto","background-attachment":"scroll","background-type":"","background-media":"","overlay-type":"","overlay-color":"","overlay-opacity":"","overlay-gradient":""},"mobile":{"background-color":"","background-image":"","background-repeat":"repeat","background-position":"center center","background-size":"auto","background-attachment":"scroll","background-type":"","background-media":"","overlay-type":"","overlay-color":"","overlay-opacity":"","overlay-gradient":""}},"ast-content-background-meta":{"desktop":{"background-color":"var(--ast-global-color-5)","background-image":"","background-repeat":"repeat","background-position":"center center","background-size":"auto","background-attachment":"scroll","background-type":"","background-media":"","overlay-type":"","overlay-color":"","overlay-opacity":"","overlay-gradient":""},"tablet":{"background-color":"var(--ast-global-color-5)","background-image":"","background-repeat":"repeat","background-position":"center center","background-size":"auto","background-attachment":"scroll","background-type":"","background-media":"","overlay-type":"","overlay-color":"","overlay-opacity":"","overlay-gradient":""},"mobile":{"background-color":"var(--ast-global-color-5)","background-image":"","background-repeat":"repeat","background-position":"center center","background-size":"auto","background-attachment":"scroll","background-type":"","background-media":"","overlay-type":"","overlay-color":"","overlay-opacity":"","overlay-gradient":""}},"_joinchat":[]},"product_brand":[],"product_cat":[425,285],"product_tag":[],"class_list":{"0":"post-15353","1":"product","2":"type-product","3":"status-publish","4":"has-post-thumbnail","6":"product_cat-cursos","7":"product_cat-cursos-medicina-y-enfermeria","8":"desktop-align-left","9":"tablet-align-left","10":"mobile-align-left","12":"first","13":"instock","14":"sale","15":"downloadable","16":"virtual","17":"sold-individually","18":"purchasable","19":"product-type-simple"},"_links":{"self":[{"href":"https:\/\/redlearning.cl\/wp-json\/wp\/v2\/product\/15353","targetHints":{"allow":["GET"]}}],"collection":[{"href":"https:\/\/redlearning.cl\/wp-json\/wp\/v2\/product"}],"about":[{"href":"https:\/\/redlearning.cl\/wp-json\/wp\/v2\/types\/product"}],"wp:featuredmedia":[{"embeddable":true,"href":"https:\/\/redlearning.cl\/wp-json\/wp\/v2\/media\/10106"}],"wp:attachment":[{"href":"https:\/\/redlearning.cl\/wp-json\/wp\/v2\/media?parent=15353"}],"wp:term":[{"taxonomy":"product_brand","embeddable":true,"href":"https:\/\/redlearning.cl\/wp-json\/wp\/v2\/product_brand?post=15353"},{"taxonomy":"product_cat","embeddable":true,"href":"https:\/\/redlearning.cl\/wp-json\/wp\/v2\/product_cat?post=15353"},{"taxonomy":"product_tag","embeddable":true,"href":"https:\/\/redlearning.cl\/wp-json\/wp\/v2\/product_tag?post=15353"}],"curies":[{"name":"wp","href":"https:\/\/api.w.org\/{rel}","templated":true}]}}