{"id":17528,"date":"2024-04-24T20:09:37","date_gmt":"2024-04-24T23:09:37","guid":{"rendered":"https:\/\/site.redlearning.cl\/?post_type=product&#038;p=17528"},"modified":"2025-11-03T17:34:57","modified_gmt":"2025-11-03T20:34:57","slug":"diplomado-nutricion-deportiva-2","status":"publish","type":"product","link":"https:\/\/redlearning.cl\/producto\/diplomado-nutricion-deportiva-2\/","title":{"rendered":"Diplomado Nutrici\u00f3n Deportiva"},"content":{"rendered":"<p>Hoy en d\u00eda la necesidad por alimentarse de forma correcta y apropiada se masifica a pasos agigantados, siendo una tem\u00e1tica de gran valor para los deportistas del pa\u00eds y tambi\u00e9n para la sociedad en general, que se interesa en el deporte y entrenamiento para conseguir una calidad de vida m\u00e1s alta.<\/p>\n<p>Este programa pretende ofrecer los conocimientos espec\u00edficos de nutrici\u00f3n (requerimientos de energ\u00eda, vitaminas y minerales, agua y macro-micro nutrientes) respecto a los requerimientos especiales de cada deportista, como su edad, sexo, condici\u00f3n de salud, entrenamiento, rutina diaria, etc. Para mejorar el rendimiento f\u00edsico de los pacientes.<\/p>\n<p>Asimismo, aprender\u00e1s los diferentes tipos de alimentaciones deportivas y en todos los ciclos de deporte: descanso, activaci\u00f3n y recuperaci\u00f3n, as\u00ed como distintos tipos de dietas dependiendo del tipo de deportista con el que est\u00e9s tratando. Asimismo, adquirir\u00e1s las t\u00e9cnicas y habilidades necesarias para aplicar pautas nutricionales tanto si es deporte aer\u00f3bico como anaer\u00f3bico.<\/p>\n<h2><span style=\"color: #0099cd;\">Objetivo General<\/span><\/h2>\n<hr \/>\n<p>El curso tiene como objetivo proporcionar conocimientos s\u00f3lidos y una Metodolog\u00eda Pr\u00e1ctica a los participantes para: Evaluar el estado nutricional desde un enfoque de nutrici\u00f3n deportiva y hacer correctas adaptaciones fisiol\u00f3gicas en los pacientes, a fin de desarrollar una alimentaci\u00f3n saludable acorde a la actividad f\u00edsica que realizan.<\/p>\n<h2><span style=\"color: #0099cd;\">Metodolog\u00eda<\/span><\/h2>\n<hr \/>\n<p>Modalidad 100% Online, asincr\u00f3nico y a tu ritmo. Contar\u00e1s con tutores desde el principio al fin de tu formaci\u00f3n, nunca estar\u00e1s sol@.<\/p>\n<h2><span style=\"color: #0099cd;\">Temario<\/span><\/h2>\n<hr \/>\n<div class=\"lightweight-accordion bordered has-text-color has-background\"><details><summary class=\"lightweight-accordion-title\" style=\"color:#ffffff;background:#0099cd;\"><span>M\u00f3dulo I - Fisiopatolog\u00eda en el Deporte y la Nutrici\u00f3n<\/span><\/summary><div class=\"lightweight-accordion-body\" style=\"border-color:#0099cd;\"><h6><span style=\"color: #0099cd;\">Objetivos espec\u00edficos: <\/span>Introducir los elementos esenciales que componen la Fisiopatolog\u00eda y la nutrici\u00f3n deportiva para profundizar en el conocimiento del estado nutricional del paciente.<\/h6>\n<h6><span style=\"color: #0099cd;\">Contenidos:<\/span><\/h6>\n<ul>\n<li>Nutrici\u00f3n y patolog\u00edas cardiovasculares.<\/li>\n<li>S\u00edndrome metab\u00f3lico.<\/li>\n<li>Obesidad y sobrepeso.<\/li>\n<li>Nutrici\u00f3n y acciones metab\u00f3licas: Diabetes Mellitus tipo 1 y tipo 2.<\/li>\n<li>Patolog\u00edas del aparato locomotor.<\/li>\n<li>Nutrici\u00f3n y enfermedades en la conducta alimentaria.<\/li>\n<li>Nutrici\u00f3n y patolog\u00edas renales.<\/li>\n<\/ul>\n<\/div><\/details><\/div>\n<div class=\"lightweight-accordion bordered has-text-color has-background\"><details><summary class=\"lightweight-accordion-title\" style=\"color:#ffffff;background:#0099cd;\"><span>M\u00f3dulo II - Actividad f\u00edsica en el Ciclo Vital<\/span><\/summary><div class=\"lightweight-accordion-body\" style=\"border-color:#0099cd;\"><h6><span style=\"color: #0099cd;\">Objetivos espec\u00edficos: <\/span>Identificar las diversas actividades f\u00edsicas y de entrenamiento deportivo indicadas para el tratamiento nutricional acorde a la edad del ciclo vital paciente.<\/h6>\n<h6><span style=\"color: #0099cd;\">Contenidos:<\/span><\/h6>\n<ul>\n<li>Actividad f\u00edsica en la ni\u00f1ez.<\/li>\n<li>Actividad f\u00edsica en la adolescencia.<\/li>\n<li>Actividad f\u00edsica en la edad adulta.<\/li>\n<li>Actividad f\u00edsica en la tercera edad.<\/li>\n<\/ul>\n<\/div><\/details><\/div>\n<div class=\"lightweight-accordion bordered has-text-color has-background\"><details><summary class=\"lightweight-accordion-title\" style=\"color:#ffffff;background:#0099cd;\"><span>M\u00f3dulo III - La contracci\u00f3n muscular como fuente de dinamismo<\/span><\/summary><div class=\"lightweight-accordion-body\" style=\"border-color:#0099cd;\"><h6><span style=\"color: #0099cd;\">Objetivos espec\u00edficos: <\/span>Usar el proceso de trabajo muscular como fuente de dinamismo para el tratamiento del estado nutricional de pacientes que realizan alguna actividad deportiva.<\/h6>\n<h6><span style=\"color: #0099cd;\">Contenidos:<\/span><\/h6>\n<ul>\n<li>Introducci\u00f3n a la Miolog\u00eda.<\/li>\n<li>Tipos de tejido muscular.<\/li>\n<li>Caracter\u00edsticas del tejido muscular.<\/li>\n<li>El m\u00fasculo esquel\u00e9tico.<\/li>\n<li>Clasificaci\u00f3n de los m\u00fasculos esquel\u00e9ticos.<\/li>\n<li>El tono muscular.<\/li>\n<li>Uniones musculares.<\/li>\n<li>El trabajo muscular.<\/li>\n<li>Fisiolog\u00eda del ejercicio. Composici\u00f3n Corporal.<\/li>\n<\/ul>\n<\/div><\/details><\/div>\n<div class=\"lightweight-accordion bordered has-text-color has-background\"><details><summary class=\"lightweight-accordion-title\" style=\"color:#ffffff;background:#0099cd;\"><span>M\u00f3dulo IV - Metabolismo en fisiolog\u00eda del ejercicio f\u00edsico<\/span><\/summary><div class=\"lightweight-accordion-body\" style=\"border-color:#0099cd;\"><h6><span style=\"color: #0099cd;\">Objetivos espec\u00edficos: <\/span>Explicar los diferentes procesos metab\u00f3licos del cuerpo asociados a la fisiolog\u00eda del ejercicio f\u00edsico, a fin de realizar correctas adaptaciones org\u00e1nicas en el trabajo f\u00edsico de pacientes.<\/h6>\n<h6><span style=\"color: #0099cd;\">Contenidos:<\/span><\/h6>\n<ul>\n<li>Sistema ATP-PC.<\/li>\n<li>Sistema glucol\u00edtico.<\/li>\n<li>Sistema oxidativo.<\/li>\n<li>Adaptaciones org\u00e1nicas en el ejercicio.<\/li>\n<li>Adaptaci\u00f3n neuromuscular al entrenamiento de la fuerza.<\/li>\n<li>Metabolismo energ\u00e9tico durante el ejercicio. La fatiga.<\/li>\n<\/ul>\n<\/div><\/details><\/div>\n<div class=\"lightweight-accordion bordered has-text-color has-background\"><details><summary class=\"lightweight-accordion-title\" style=\"color:#ffffff;background:#0099cd;\"><span>M\u00f3dulo V - Necesidades Nutricionales del Deportista<\/span><\/summary><div class=\"lightweight-accordion-body\" style=\"border-color:#0099cd;\"><h6><span style=\"color: #0099cd;\">Objetivos espec\u00edficos: <\/span>Analizar las necesidades nutricionales de deportistas de acuerdo a la actividad f\u00edsica que realizan, a fin de formar h\u00e1bitos diet\u00e9ticos y mejorar el rendimiento f\u00edsico de los pacientes.<\/h6>\n<h6><span style=\"color: #0099cd;\">Contenidos:<\/span><\/h6>\n<ul>\n<li>Transformaciones energ\u00e9ticas celulares.<\/li>\n<li>Unidades de medida de la energ\u00eda.<\/li>\n<li>Necesidades energ\u00e9ticas del adulto sano.<\/li>\n<li>Necesidades energ\u00e9ticas totales seg\u00fan la FAO.<\/li>\n<li>Alimentos energ\u00e9ticos.<\/li>\n<li>Tablas de composici\u00f3n de los alimentos.<\/li>\n<li>Ley de isodinamia y ley de los m\u00ednimos.<\/li>\n<li>Aspectos nutricionales de la mujer deportista.<\/li>\n<li>H\u00e1bitos diet\u00e9ticos de los deportistas.<\/li>\n<li>Nutrici\u00f3n y fuerza.<\/li>\n<li>Los deportistas ol\u00edmpicos.<\/li>\n<li>Nutrici\u00f3n y rendimiento en condiciones clim\u00e1ticas extremas.<\/li>\n<li>Modelos de Dieta: antes de la competici\u00f3n, durante y despu\u00e9s de la competici\u00f3n.<\/li>\n<\/ul>\n<\/div><\/details><\/div>\n<div class=\"lightweight-accordion bordered has-text-color has-background\"><details><summary class=\"lightweight-accordion-title\" style=\"color:#ffffff;background:#0099cd;\"><span>M\u00f3dulo VI - Ayudas Ergog\u00e9nicas en el Deporte e Hidrataci\u00f3n<\/span><\/summary><div class=\"lightweight-accordion-body\" style=\"border-color:#0099cd;\"><h6><span style=\"color: #0099cd;\">Objetivos espec\u00edficos: <\/span>Integrar las diversas ayudas ergog\u00e9nicas en pacientes que se encuentran en un tratamiento de nutrici\u00f3n deportiva, a fin de hacer un aporte en el mejoramiento continuo de la salud de pacientes.<\/h6>\n<h6><span style=\"color: #0099cd;\">Contenidos:<\/span><\/h6>\n<ul>\n<li>Concepto. Ayudas ergog\u00e9nicas nutricionales.<\/li>\n<li>Nutrac\u00e9uticos: definici\u00f3n e integraci\u00f3n con la dieta funcional.<\/li>\n<li>Descripci\u00f3n y clasificaci\u00f3n de los suplementos naturales.<\/li>\n<li>Descripci\u00f3n, uso y aplicaci\u00f3n de los suplementos m\u00e1s utilizados en la salud y el rendimiento deportivo.<\/li>\n<li>Utilizaci\u00f3n de los hidratos de carbono para mejorar la salud y el rendimiento.<\/li>\n<li>Bebidas deportivas.<\/li>\n<li>Sustancias estimulantes, tampones, ayudas ergog\u00e9nicas para situaciones especiales (calor, humedad, altura).<\/li>\n<\/ul>\n<\/div><\/details><\/div>\n<div class=\"lightweight-accordion bordered has-text-color has-background\"><details><summary class=\"lightweight-accordion-title\" style=\"color:#ffffff;background:#0099cd;\"><span>M\u00f3dulo Final<\/span><\/summary><div class=\"lightweight-accordion-body\" style=\"border-color:#0099cd;\"><h6><span style=\"color: #0099cd;\">ESTUDIOS CL\u00cdNICOS DE PACIENTES CON NUTRICI\u00d3N DEPORTIVA<\/span><\/h6>\n<h6><span style=\"color: #0099cd;\">Objetivo:<\/span><\/h6>\n<ul>\n<li>Revisar casos cl\u00ednicos de pacientes que se encuentren bajo la metodolog\u00eda de trabajo que propone la nutrici\u00f3n deportiva.<\/li>\n<\/ul>\n<\/div><\/details><\/div>\n","protected":false},"excerpt":{"rendered":"<h2><span style=\"color: #0099cd;\">Resumen del Curso<\/span><\/h2>\n<hr \/>\n<p><img decoding=\"async\" class=\"alignnone size-full wp-image-333\" style=\"font-weight: inherit;\" src=\"https:\/\/linketeach.cl\/wp-content\/uploads\/2021\/07\/education_computer_school_graduate_cap_monitor_icon_149680.png\" alt=\"\" width=\"48\" height=\"48\" \/>220 horas &#8211; 7 m\u00f3dulos<\/p>\n<p><img decoding=\"async\" class=\"alignnone size-full wp-image-332\" src=\"https:\/\/linketeach.cl\/wp-content\/uploads\/2021\/07\/education_book_learn_learning_icon_149694.png\" alt=\"\" width=\"48\" height=\"48\" \/><a href=\"https:\/\/site.redlearning.cl\/wp-content\/uploads\/2021\/01\/Programa-Nutricion-Deportiva.pdf\" target=\"_blank\" rel=\"noopener\">Programa del Curso<\/a><\/p>\n<p><img decoding=\"async\" class=\"alignnone size-medium wp-image-335\" src=\"https:\/\/linketeach.cl\/wp-content\/uploads\/2021\/07\/notes_clipboard_icon_149712-1.png\" alt=\"\" width=\"48\" height=\"48\" \/>Evaluaci\u00f3n Final<\/p>\n<p><img loading=\"lazy\" decoding=\"async\" class=\"alignnone size-medium wp-image-334\" style=\"font-weight: inherit;\" src=\"https:\/\/linketeach.cl\/wp-content\/uploads\/2021\/07\/education_diploma_award_icon_149701.png\" alt=\"\" width=\"48\" height=\"48\" \/>Certificaci\u00f3n<\/p>\n","protected":false},"featured_media":10133,"template":"","meta":{"site-sidebar-layout":"no-sidebar","site-content-layout":"default","ast-site-content-layout":"default","site-content-style":"default","site-sidebar-style":"default","ast-global-header-display":"","ast-banner-title-visibility":"","ast-main-header-display":"","ast-hfb-above-header-display":"","ast-hfb-below-header-display":"","ast-hfb-mobile-header-display":"","site-post-title":"","ast-breadcrumbs-content":"","ast-featured-img":"","footer-sml-layout":"","ast-disable-related-posts":"","theme-transparent-header-meta":"default","adv-header-id-meta":"","stick-header-meta":"","header-above-stick-meta":"","header-main-stick-meta":"","header-below-stick-meta":"","astra-migrate-meta-layouts":"set","ast-page-background-enabled":"default","ast-page-background-meta":{"desktop":{"background-color":"","background-image":"","background-repeat":"repeat","background-position":"center center","background-size":"auto","background-attachment":"scroll","background-type":"","background-media":"","overlay-type":"","overlay-color":"","overlay-opacity":"","overlay-gradient":""},"tablet":{"background-color":"","background-image":"","background-repeat":"repeat","background-position":"center center","background-size":"auto","background-attachment":"scroll","background-type":"","background-media":"","overlay-type":"","overlay-color":"","overlay-opacity":"","overlay-gradient":""},"mobile":{"background-color":"","background-image":"","background-repeat":"repeat","background-position":"center center","background-size":"auto","background-attachment":"scroll","background-type":"","background-media":"","overlay-type":"","overlay-color":"","overlay-opacity":"","overlay-gradient":""}},"ast-content-background-meta":{"desktop":{"background-color":"var(--ast-global-color-5)","background-image":"","background-repeat":"repeat","background-position":"center center","background-size":"auto","background-attachment":"scroll","background-type":"","background-media":"","overlay-type":"","overlay-color":"","overlay-opacity":"","overlay-gradient":""},"tablet":{"background-color":"var(--ast-global-color-5)","background-image":"","background-repeat":"repeat","background-position":"center center","background-size":"auto","background-attachment":"scroll","background-type":"","background-media":"","overlay-type":"","overlay-color":"","overlay-opacity":"","overlay-gradient":""},"mobile":{"background-color":"var(--ast-global-color-5)","background-image":"","background-repeat":"repeat","background-position":"center center","background-size":"auto","background-attachment":"scroll","background-type":"","background-media":"","overlay-type":"","overlay-color":"","overlay-opacity":"","overlay-gradient":""}},"_joinchat":[]},"product_brand":[],"product_cat":[425,424,289],"product_tag":[],"class_list":{"0":"post-17528","1":"product","2":"type-product","3":"status-publish","4":"has-post-thumbnail","6":"product_cat-cursos","7":"product_cat-diplomados","8":"product_cat-diplomados-nutricion","9":"desktop-align-left","10":"tablet-align-left","11":"mobile-align-left","13":"first","14":"instock","15":"sale","16":"downloadable","17":"virtual","18":"sold-individually","19":"purchasable","20":"product-type-simple"},"_links":{"self":[{"href":"https:\/\/redlearning.cl\/wp-json\/wp\/v2\/product\/17528","targetHints":{"allow":["GET"]}}],"collection":[{"href":"https:\/\/redlearning.cl\/wp-json\/wp\/v2\/product"}],"about":[{"href":"https:\/\/redlearning.cl\/wp-json\/wp\/v2\/types\/product"}],"wp:featuredmedia":[{"embeddable":true,"href":"https:\/\/redlearning.cl\/wp-json\/wp\/v2\/media\/10133"}],"wp:attachment":[{"href":"https:\/\/redlearning.cl\/wp-json\/wp\/v2\/media?parent=17528"}],"wp:term":[{"taxonomy":"product_brand","embeddable":true,"href":"https:\/\/redlearning.cl\/wp-json\/wp\/v2\/product_brand?post=17528"},{"taxonomy":"product_cat","embeddable":true,"href":"https:\/\/redlearning.cl\/wp-json\/wp\/v2\/product_cat?post=17528"},{"taxonomy":"product_tag","embeddable":true,"href":"https:\/\/redlearning.cl\/wp-json\/wp\/v2\/product_tag?post=17528"}],"curies":[{"name":"wp","href":"https:\/\/api.w.org\/{rel}","templated":true}]}}