{"id":17530,"date":"2024-04-24T20:14:21","date_gmt":"2024-04-24T23:14:21","guid":{"rendered":"https:\/\/site.redlearning.cl\/?post_type=product&#038;p=17530"},"modified":"2025-11-03T17:34:57","modified_gmt":"2025-11-03T20:34:57","slug":"curso-fitoterapia-integral-y-sus-aplicaciones-2","status":"publish","type":"product","link":"https:\/\/redlearning.cl\/producto\/curso-fitoterapia-integral-y-sus-aplicaciones-2\/","title":{"rendered":"Curso Fitoterapia Integral Y Sus Aplicaciones"},"content":{"rendered":"<p>La fitoterapia, es un tipo de medicina alternativa que se basa en la utilizaci\u00f3n de las propiedades medicinales y curativas de las plantas. Sirve para el tratamiento y prevenci\u00f3n de una amplia variedad de s\u00edntomas y enfermedades, adem\u00e1s de la mejora de las funciones del organismo. El uso de estas plantas y remedios naturales ha experimentado un progresivo aumento en los \u00faltimos a\u00f1os, siendo utilizadas tambi\u00e9n por la medicina tradicional en muchas ocasiones como terapia complementaria.<\/p>\n<p>En realidad, una planta medicinal es en s\u00ed un laboratorio que genera constantemente en su metabolismo mol\u00e9culas que est\u00e1n a nuestro alcance para solucionar problemas o mantener nuestra salud. Hay multitud de gente que se interesa por la Fitoterapia, ya que se considera especialmente \u00fatil para tratamiento de afecciones leves o moderadas, as\u00ed como las afecciones cr\u00f3nicas. Por ello, este curso de fitoterapia profundiza en la Fitoterapia como la ciencia que estudia la utilizaci\u00f3n de los productos de origen vegetal con finalidad terap\u00e9utica.<\/p>\n<h2><span style=\"color: #0099cd;\">Objetivo General<\/span><\/h2>\n<hr \/>\n<p>Ofrecer una formaci\u00f3n especializada en el \u00e1rea de las terapias alternativas dentro del campo de la fitoterapia, su descripci\u00f3n, uso y relaci\u00f3n de la misma, as\u00ed como la interacci\u00f3n farmacol\u00f3gica a la que puede dar lugar.<\/p>\n<p>Conocer y evaluar el perfil farmacol\u00f3gico de las plantas medicinales m\u00e1s empleadas, y fijar los criterios cl\u00ednicos objetivos que permitan avalar o rechazar las indicaciones terap\u00e9uticas.<\/p>\n<p>Fomentar el estudio de todos los aspectos relacionados con la utilizaci\u00f3n terap\u00e9utica de las plantas medicinales.<\/p>\n<p>Contribuir a la mejora de los cuidados, con la incorporaci\u00f3n de instrumentos complementarios como la fitoterapia.<\/p>\n<h2><span style=\"color: #0099cd;\">Metodolog\u00eda<\/span><\/h2>\n<hr \/>\n<p>Modalidad 100% Online, asincr\u00f3nico y a tu ritmo. Contar\u00e1s con tutores desde el principio al fin de tu formaci\u00f3n, nunca estar\u00e1s sol@.<\/p>\n<h2><span style=\"color: #0099cd;\">Temario<\/span><\/h2>\n<hr \/>\n<div class=\"lightweight-accordion bordered has-text-color has-background\"><details><summary class=\"lightweight-accordion-title\" style=\"color:#ffffff;background:#0099cd;\"><span>M\u00f3dulo I - Introducci\u00f3n al aprendizaje<\/span><\/summary><div class=\"lightweight-accordion-body\" style=\"border-color:#0099cd;\"><h6><span style=\"color: #0099cd;\">Duraci\u00f3n: <\/span>25 horas<\/h6>\n<h6><span style=\"color: #0099cd;\">Contenidos:<\/span><\/h6>\n<ul>\n<li>Historia de la Fitoterapia.<\/li>\n<li>Aplicaciones de la Fitoterapia.\n<ul>\n<li>Fitoterapia para el sistema nervioso.<\/li>\n<li>Fitoterapia para el sistema inmunol\u00f3gico.<\/li>\n<li>Fitoterapia para el sistema respiratorio.<\/li>\n<\/ul>\n<\/li>\n<li>Aplicaciones pr\u00e1cticas y recetas. Extractos con agua<\/li>\n<\/ul>\n<\/div><\/details><\/div>\n<div class=\"lightweight-accordion bordered has-text-color has-background\"><details><summary class=\"lightweight-accordion-title\" style=\"color:#ffffff;background:#0099cd;\"><span>M\u00f3dulo II - Compuestos de las plantas medicinales y su injerencia en el sistema digestivo.<\/span><\/summary><div class=\"lightweight-accordion-body\" style=\"border-color:#0099cd;\"><h6><span style=\"color: #0099cd;\">Duraci\u00f3n: <\/span>25 horas<\/h6>\n<h6><span style=\"color: #0099cd;\">Contenidos:<\/span><\/h6>\n<ul>\n<li>Qu\u00edmica de las plantas medicinales.<\/li>\n<li>Fitoterapia para el sistema digestivo.<\/li>\n<li>Utilizaciones pr\u00e1cticas y recetas. Mezclas de hierbas.<\/li>\n<\/ul>\n<\/div><\/details><\/div>\n<div class=\"lightweight-accordion bordered has-text-color has-background\"><details><summary class=\"lightweight-accordion-title\" style=\"color:#ffffff;background:#0099cd;\"><span>M\u00f3dulo III - De la tierra al cuerpo.<\/span><\/summary><div class=\"lightweight-accordion-body\" style=\"border-color:#0099cd;\"><h6><span style=\"color: #0099cd;\">Duraci\u00f3n: <\/span>25 horas<\/h6>\n<h6><span style=\"color: #0099cd;\">Contenidos:<\/span><\/h6>\n<ul>\n<li>Cultivo, cosecha y almacenamiento.<\/li>\n<li>Aplicaciones de la Fitoterapia.\n<ul>\n<li>Fitoterapia para el sistema reproductivo.<\/li>\n<li>Fitoterapia para el sistema d\u00e9rmico.<\/li>\n<li>Fitoterapia para el sistema \u00f3seo.<\/li>\n<\/ul>\n<\/li>\n<li>Utilizaciones pr\u00e1cticas y recetas. Extractos con alcohol<\/li>\n<\/ul>\n<\/div><\/details><\/div>\n<div class=\"lightweight-accordion bordered has-text-color has-background\"><details><summary class=\"lightweight-accordion-title\" style=\"color:#ffffff;background:#0099cd;\"><span>M\u00f3dulo IV - Especifidades de la Fitoterapia.<\/span><\/summary><div class=\"lightweight-accordion-body\" style=\"border-color:#0099cd;\"><h6><span style=\"color: #0099cd;\">Duraci\u00f3n: <\/span>25 horas<\/h6>\n<h6><span style=\"color: #0099cd;\">Contenidos:<\/span><\/h6>\n<ul>\n<li>Legislaci\u00f3n.<\/li>\n<li>Fitoterapia para la pediatr\u00eda.<\/li>\n<li>Fitoterapia para el sistema cardiovascular.<\/li>\n<li>Fitoterapia y prevenci\u00f3n de c\u00e1ncer.<\/li>\n<li>Utilizaciones pr\u00e1cticas y recetas.<\/li>\n<\/ul>\n<\/div><\/details><\/div>\n<div class=\"lightweight-accordion bordered has-text-color has-background\"><details><summary class=\"lightweight-accordion-title\" style=\"color:#ffffff;background:#0099cd;\"><span>M\u00f3dulo Final<\/span><\/summary><div class=\"lightweight-accordion-body\" style=\"border-color:#0099cd;\"><h6><span style=\"color: #0099cd;\">TEST FINAL MULTI CHOICE.<br \/>\nPROYECTO DE INTEGRACI\u00d3N FINAL.<br \/>\n<\/span><\/h6>\n<p>&nbsp;<\/p>\n<h6><span style=\"color: #0099cd;\">Duraci\u00f3n: <\/span>20 horas<\/h6>\n<\/div><\/details><\/div>\n","protected":false},"excerpt":{"rendered":"<h2><span style=\"color: #0099cd;\">Resumen del Curso: <\/span><\/h2>\n<hr \/>\n<p><img decoding=\"async\" class=\"alignnone size-full wp-image-333\" style=\"font-weight: inherit;\" src=\"https:\/\/linketeach.cl\/wp-content\/uploads\/2021\/07\/education_computer_school_graduate_cap_monitor_icon_149680.png\" alt=\"\" width=\"48\" height=\"48\" \/>120 horas &#8211; 5 m\u00f3dulos<\/p>\n<p><img decoding=\"async\" class=\"alignnone size-full wp-image-332\" src=\"https:\/\/linketeach.cl\/wp-content\/uploads\/2021\/07\/education_book_learn_learning_icon_149694.png\" alt=\"\" width=\"48\" height=\"48\" \/><a href=\"https:\/\/site.redlearning.cl\/wp-content\/uploads\/2022\/04\/c-fitoteriapiaintegralysusaplicaciones_compressed.pdf\" target=\"_blank\" rel=\"noopener\">Programa del Curso<\/a><\/p>\n<p><img decoding=\"async\" class=\"alignnone size-medium wp-image-335\" src=\"https:\/\/linketeach.cl\/wp-content\/uploads\/2021\/07\/notes_clipboard_icon_149712-1.png\" alt=\"\" width=\"48\" height=\"48\" \/>Evaluaci\u00f3n Final<\/p>\n<p><img loading=\"lazy\" decoding=\"async\" class=\"alignnone size-medium wp-image-334\" style=\"font-weight: inherit;\" src=\"https:\/\/linketeach.cl\/wp-content\/uploads\/2021\/07\/education_diploma_award_icon_149701.png\" alt=\"\" width=\"48\" height=\"48\" \/>Certificaci\u00f3n<\/p>\n","protected":false},"featured_media":10940,"template":"","meta":{"site-sidebar-layout":"no-sidebar","site-content-layout":"default","ast-site-content-layout":"default","site-content-style":"default","site-sidebar-style":"default","ast-global-header-display":"","ast-banner-title-visibility":"","ast-main-header-display":"","ast-hfb-above-header-display":"","ast-hfb-below-header-display":"","ast-hfb-mobile-header-display":"","site-post-title":"","ast-breadcrumbs-content":"","ast-featured-img":"","footer-sml-layout":"","ast-disable-related-posts":"","theme-transparent-header-meta":"default","adv-header-id-meta":"","stick-header-meta":"","header-above-stick-meta":"","header-main-stick-meta":"","header-below-stick-meta":"","astra-migrate-meta-layouts":"set","ast-page-background-enabled":"default","ast-page-background-meta":{"desktop":{"background-color":"","background-image":"","background-repeat":"repeat","background-position":"center center","background-size":"auto","background-attachment":"scroll","background-type":"","background-media":"","overlay-type":"","overlay-color":"","overlay-opacity":"","overlay-gradient":""},"tablet":{"background-color":"","background-image":"","background-repeat":"repeat","background-position":"center center","background-size":"auto","background-attachment":"scroll","background-type":"","background-media":"","overlay-type":"","overlay-color":"","overlay-opacity":"","overlay-gradient":""},"mobile":{"background-color":"","background-image":"","background-repeat":"repeat","background-position":"center center","background-size":"auto","background-attachment":"scroll","background-type":"","background-media":"","overlay-type":"","overlay-color":"","overlay-opacity":"","overlay-gradient":""}},"ast-content-background-meta":{"desktop":{"background-color":"var(--ast-global-color-5)","background-image":"","background-repeat":"repeat","background-position":"center center","background-size":"auto","background-attachment":"scroll","background-type":"","background-media":"","overlay-type":"","overlay-color":"","overlay-opacity":"","overlay-gradient":""},"tablet":{"background-color":"var(--ast-global-color-5)","background-image":"","background-repeat":"repeat","background-position":"center center","background-size":"auto","background-attachment":"scroll","background-type":"","background-media":"","overlay-type":"","overlay-color":"","overlay-opacity":"","overlay-gradient":""},"mobile":{"background-color":"var(--ast-global-color-5)","background-image":"","background-repeat":"repeat","background-position":"center center","background-size":"auto","background-attachment":"scroll","background-type":"","background-media":"","overlay-type":"","overlay-color":"","overlay-opacity":"","overlay-gradient":""}},"_joinchat":[]},"product_brand":[],"product_cat":[425,285],"product_tag":[],"class_list":{"0":"post-17530","1":"product","2":"type-product","3":"status-publish","4":"has-post-thumbnail","6":"product_cat-cursos","7":"product_cat-cursos-medicina-y-enfermeria","8":"desktop-align-left","9":"tablet-align-left","10":"mobile-align-left","12":"first","13":"instock","14":"sale","15":"downloadable","16":"virtual","17":"sold-individually","18":"purchasable","19":"product-type-simple"},"_links":{"self":[{"href":"https:\/\/redlearning.cl\/wp-json\/wp\/v2\/product\/17530","targetHints":{"allow":["GET"]}}],"collection":[{"href":"https:\/\/redlearning.cl\/wp-json\/wp\/v2\/product"}],"about":[{"href":"https:\/\/redlearning.cl\/wp-json\/wp\/v2\/types\/product"}],"wp:featuredmedia":[{"embeddable":true,"href":"https:\/\/redlearning.cl\/wp-json\/wp\/v2\/media\/10940"}],"wp:attachment":[{"href":"https:\/\/redlearning.cl\/wp-json\/wp\/v2\/media?parent=17530"}],"wp:term":[{"taxonomy":"product_brand","embeddable":true,"href":"https:\/\/redlearning.cl\/wp-json\/wp\/v2\/product_brand?post=17530"},{"taxonomy":"product_cat","embeddable":true,"href":"https:\/\/redlearning.cl\/wp-json\/wp\/v2\/product_cat?post=17530"},{"taxonomy":"product_tag","embeddable":true,"href":"https:\/\/redlearning.cl\/wp-json\/wp\/v2\/product_tag?post=17530"}],"curies":[{"name":"wp","href":"https:\/\/api.w.org\/{rel}","templated":true}]}}