{"id":17552,"date":"2024-04-25T15:55:28","date_gmt":"2024-04-25T18:55:28","guid":{"rendered":"https:\/\/site.redlearning.cl\/?post_type=product&#038;p=17552"},"modified":"2025-11-03T17:34:56","modified_gmt":"2025-11-03T20:34:56","slug":"curso-tecnicas-de-rcp-y-manejo-de-dea-4","status":"publish","type":"product","link":"https:\/\/site.redlearning.cl\/?product=curso-tecnicas-de-rcp-y-manejo-de-dea-4","title":{"rendered":"Curso T\u00e9cnicas de RCP y Manejo de DEA"},"content":{"rendered":"<h2><span style=\"color: #0099cd;\">Objetivo General<\/span><\/h2>\n<hr \/>\n<p>Aplicar los protocolos existentes de forma r\u00e1pida eficiente y segura a una persona que haya sufrido una parada card\u00edaca y utilizar adecuadamente el desfibrilador autom\u00e1tico DEA.<\/p>\n<h2><span style=\"color: #0099cd;\">Metodolog\u00eda<\/span><\/h2>\n<hr \/>\n<p>Modalidad 100% Online y a tu ritmo.\u00a0Comienza de inmediato, completa todas las actividades y descarga tu certificado.<\/p>\n<h2><span style=\"color: #0099cd;\">Temario<\/span><\/h2>\n<hr \/>\n<div class=\"lightweight-accordion bordered has-text-color has-background\"><details><summary class=\"lightweight-accordion-title\" style=\"color:#ffffff;background:#0099cd;\"><span>M\u00f3dulo I - Resucitaci\u00f3n cardiopulmonar b\u00e1sica<\/span><\/summary><div class=\"lightweight-accordion-body\" style=\"border-color:#0099cd;\"><h6><span style=\"color: #0099cd;\">Objetivos espec\u00edficos: <\/span><\/h6>\n<ul>\n<li>Identificar Los Signos De Emergencias Importantes En Adultos.<\/li>\n<li>Aplicar T\u00e9cnicas De Reanimaci\u00f3n Cardiopulmonar Seg\u00fan Procedimientos.<\/li>\n<\/ul>\n<h6><span style=\"color: #0099cd;\">Duraci\u00f3n: <\/span>10 horas<\/h6>\n<h6><span style=\"color: #0099cd;\">Contenidos:<\/span><\/h6>\n<ul>\n<li>PARO CARDIO-RESPIRATORIO.\n<ul>\n<li style=\"list-style-type: none;\">\n<ol>\n<li>Causas de PCR<\/li>\n<li>Cadena de supervivencia<\/li>\n<li>Adulto<\/li>\n<li>Pedi\u00e1trico<\/li>\n<li>Justificaci\u00f3n de las medidas de RCP, Consideraciones \u00e9ticas.<\/li>\n<\/ol>\n<\/li>\n<\/ul>\n<\/li>\n<li>MARCO \u00c9TICO.\n<ul>\n<li style=\"list-style-type: none;\">\n<ol>\n<li>Problemas<\/li>\n<li>\u00bfEst\u00e1 este paciente en el fin de su vida?<\/li>\n<li>\u00bfQui\u00e9n (o qui\u00e9nes) deben decidir?<\/li>\n<li>La indicaci\u00f3n de maniobras de RCP<\/li>\n<li>Resucitaci\u00f3n cardiopulmonar<\/li>\n<li>Evaluaci\u00f3n y seguridad de la escena<\/li>\n<\/ol>\n<\/li>\n<\/ul>\n<\/li>\n<li>INICIO Y FIN DE MANIOBRAS DE RCP ADULTO Y NI\u00d1OS.\n<ul>\n<li style=\"list-style-type: none;\">\n<ol>\n<li>Pedi\u00e1tricos (1 a 8 a\u00f1os)<\/li>\n<\/ol>\n<\/li>\n<\/ul>\n<\/li>\n<\/ul>\n<\/div><\/details><\/div>\n<div class=\"lightweight-accordion bordered has-text-color has-background\"><details><summary class=\"lightweight-accordion-title\" style=\"color:#ffffff;background:#0099cd;\"><span>M\u00f3dulo II - Manejo de DEA<\/span><\/summary><div class=\"lightweight-accordion-body\" style=\"border-color:#0099cd;\"><h6><span style=\"color: #0099cd;\">Objetivos espec\u00edficos: <\/span><\/h6>\n<ul>\n<li>Reconocer las caracter\u00edsticas del funcionamiento del DEA y su prop\u00f3sito.<\/li>\n<li>Emplear desfibrilador autom\u00e1tico externo (DEA) seg\u00fan procedimientos.<\/li>\n<\/ul>\n<h6><span style=\"color: #0099cd;\">Duraci\u00f3n: <\/span>10 horas<\/h6>\n<h6><span style=\"color: #0099cd;\">Contenidos:<\/span><\/h6>\n<ul>\n<li>FUNCIONAMIENTO DE LOS DEA Y SU RELACI\u00d3N CON LA RCP\n<ul>\n<li style=\"list-style-type: none;\">\n<ol>\n<li>Sobre la Ley del uso de DEA en Chile<\/li>\n<li>Mantenimiento del DEA y los suministros<\/li>\n<\/ol>\n<\/li>\n<\/ul>\n<\/li>\n<li>DEA Y RITMOS DE COLAPSO ADULTO-PEDI\u00c1TRICO<\/li>\n<li>T\u00c9CNICAS DE REANIMACI\u00d3N B\u00c1SICA Y USO DE DESFIBRILADOR (DEA) EN ADULTOS, NI\u00d1OS Y LACTANTES\n<ul>\n<li style=\"list-style-type: none;\">\n<ol>\n<li>Uso del DEA en adultos y ni\u00f1os mayores de 8 a\u00f1os<\/li>\n<li>Pasos universales para manejar un DEA<\/li>\n<li>Opciones de colocaci\u00f3n de los parches del DEA<\/li>\n<li>Circunstancias especiales<\/li>\n<\/ol>\n<\/li>\n<\/ul>\n<\/li>\n<li>USO DEL DEA EN NI\u00d1OS MENORES DE 8 A\u00d1OS<\/li>\n<li>USO DE DEA PARA LACTANTES<\/li>\n<\/ul>\n<\/div><\/details><\/div>\n<div class=\"lightweight-accordion bordered has-text-color has-background\"><details><summary class=\"lightweight-accordion-title\" style=\"color:#ffffff;background:#0099cd;\"><span>M\u00f3dulo Final<\/span><\/summary><div class=\"lightweight-accordion-body\" style=\"border-color:#0099cd;\"><h6><span style=\"color: #0099cd;\">Test Global de alternativas<\/span><\/h6>\n<p>&nbsp;<\/p>\n<h6><span style=\"color: #0099cd;\">Duraci\u00f3n: <\/span>01 hora<\/h6>\n<\/div><\/details><\/div>\n","protected":false},"excerpt":{"rendered":"<h2><span style=\"color: #0099cd;\">Resumen del Curso<\/span><\/h2>\n<hr \/>\n<p><img decoding=\"async\" class=\"alignnone size-full wp-image-333\" style=\"font-weight: inherit;\" src=\"https:\/\/linketeach.cl\/wp-content\/uploads\/2021\/07\/education_computer_school_graduate_cap_monitor_icon_149680.png\" alt=\"\" width=\"48\" height=\"48\" \/>21 horas &#8211; 3 m\u00f3dulos<\/p>\n<p><img decoding=\"async\" class=\"alignnone size-full wp-image-332\" src=\"https:\/\/linketeach.cl\/wp-content\/uploads\/2021\/07\/education_book_learn_learning_icon_149694.png\" alt=\"\" width=\"48\" height=\"48\" \/><a href=\"https:\/\/site.redlearning.cl\/wp-content\/uploads\/2022\/05\/Programa-RCP-Y-DEA.pdf\" target=\"_blank\" rel=\"noopener\">Programa del Curso<\/a><\/p>\n<p><img decoding=\"async\" class=\"alignnone size-medium wp-image-335\" src=\"https:\/\/linketeach.cl\/wp-content\/uploads\/2021\/07\/notes_clipboard_icon_149712-1.png\" alt=\"\" width=\"48\" height=\"48\" \/>Evaluaci\u00f3n Final<\/p>\n<p><img loading=\"lazy\" decoding=\"async\" class=\"alignnone size-medium wp-image-334\" style=\"font-weight: inherit;\" src=\"https:\/\/linketeach.cl\/wp-content\/uploads\/2021\/07\/education_diploma_award_icon_149701.png\" alt=\"\" width=\"48\" height=\"48\" \/>Certificaci\u00f3n<\/p>\n","protected":false},"featured_media":11756,"template":"","meta":{"site-sidebar-layout":"no-sidebar","site-content-layout":"default","ast-site-content-layout":"default","site-content-style":"default","site-sidebar-style":"default","ast-global-header-display":"","ast-banner-title-visibility":"","ast-main-header-display":"","ast-hfb-above-header-display":"","ast-hfb-below-header-display":"","ast-hfb-mobile-header-display":"","site-post-title":"","ast-breadcrumbs-content":"","ast-featured-img":"","footer-sml-layout":"","ast-disable-related-posts":"","theme-transparent-header-meta":"default","adv-header-id-meta":"","stick-header-meta":"","header-above-stick-meta":"","header-main-stick-meta":"","header-below-stick-meta":"","astra-migrate-meta-layouts":"set","ast-page-background-enabled":"default","ast-page-background-meta":{"desktop":{"background-color":"","background-image":"","background-repeat":"repeat","background-position":"center center","background-size":"auto","background-attachment":"scroll","background-type":"","background-media":"","overlay-type":"","overlay-color":"","overlay-opacity":"","overlay-gradient":""},"tablet":{"background-color":"","background-image":"","background-repeat":"repeat","background-position":"center center","background-size":"auto","background-attachment":"scroll","background-type":"","background-media":"","overlay-type":"","overlay-color":"","overlay-opacity":"","overlay-gradient":""},"mobile":{"background-color":"","background-image":"","background-repeat":"repeat","background-position":"center center","background-size":"auto","background-attachment":"scroll","background-type":"","background-media":"","overlay-type":"","overlay-color":"","overlay-opacity":"","overlay-gradient":""}},"ast-content-background-meta":{"desktop":{"background-color":"var(--ast-global-color-5)","background-image":"","background-repeat":"repeat","background-position":"center center","background-size":"auto","background-attachment":"scroll","background-type":"","background-media":"","overlay-type":"","overlay-color":"","overlay-opacity":"","overlay-gradient":""},"tablet":{"background-color":"var(--ast-global-color-5)","background-image":"","background-repeat":"repeat","background-position":"center center","background-size":"auto","background-attachment":"scroll","background-type":"","background-media":"","overlay-type":"","overlay-color":"","overlay-opacity":"","overlay-gradient":""},"mobile":{"background-color":"var(--ast-global-color-5)","background-image":"","background-repeat":"repeat","background-position":"center center","background-size":"auto","background-attachment":"scroll","background-type":"","background-media":"","overlay-type":"","overlay-color":"","overlay-opacity":"","overlay-gradient":""}},"_joinchat":[]},"product_brand":[],"product_cat":[425],"product_tag":[],"class_list":{"0":"post-17552","1":"product","2":"type-product","3":"status-publish","4":"has-post-thumbnail","6":"product_cat-cursos","7":"desktop-align-left","8":"tablet-align-left","9":"mobile-align-left","11":"first","12":"instock","13":"sale","14":"downloadable","15":"virtual","16":"sold-individually","17":"purchasable","18":"product-type-simple"},"_links":{"self":[{"href":"https:\/\/site.redlearning.cl\/index.php?rest_route=\/wp\/v2\/product\/17552","targetHints":{"allow":["GET"]}}],"collection":[{"href":"https:\/\/site.redlearning.cl\/index.php?rest_route=\/wp\/v2\/product"}],"about":[{"href":"https:\/\/site.redlearning.cl\/index.php?rest_route=\/wp\/v2\/types\/product"}],"wp:featuredmedia":[{"embeddable":true,"href":"https:\/\/site.redlearning.cl\/index.php?rest_route=\/wp\/v2\/media\/11756"}],"wp:attachment":[{"href":"https:\/\/site.redlearning.cl\/index.php?rest_route=%2Fwp%2Fv2%2Fmedia&parent=17552"}],"wp:term":[{"taxonomy":"product_brand","embeddable":true,"href":"https:\/\/site.redlearning.cl\/index.php?rest_route=%2Fwp%2Fv2%2Fproduct_brand&post=17552"},{"taxonomy":"product_cat","embeddable":true,"href":"https:\/\/site.redlearning.cl\/index.php?rest_route=%2Fwp%2Fv2%2Fproduct_cat&post=17552"},{"taxonomy":"product_tag","embeddable":true,"href":"https:\/\/site.redlearning.cl\/index.php?rest_route=%2Fwp%2Fv2%2Fproduct_tag&post=17552"}],"curies":[{"name":"wp","href":"https:\/\/api.w.org\/{rel}","templated":true}]}}