{"id":17597,"date":"2024-04-25T18:14:58","date_gmt":"2024-04-25T21:14:58","guid":{"rendered":"https:\/\/site.redlearning.cl\/?post_type=product&#038;p=17597"},"modified":"2025-11-03T17:32:53","modified_gmt":"2025-11-03T20:32:53","slug":"curso-formulacion-y-evaluacion-proyectos-sociales-2","status":"publish","type":"product","link":"https:\/\/site.redlearning.cl\/?product=curso-formulacion-y-evaluacion-proyectos-sociales-2","title":{"rendered":"Curso Formulaci\u00f3n y Evaluaci\u00f3n Proyectos Sociales"},"content":{"rendered":"<p>El dise\u00f1o y evaluaci\u00f3n de proyectos sociales es una competencia que los profesionales del sector p\u00fablico que trabajan en \u00e1reas de inversi\u00f3n deben desarrollar. Esta capacidad est\u00e1 relacionada con la toma de decisiones en la asignaci\u00f3n de recursos y programas de inversi\u00f3n, las cuales se deben desarrollar basadas en gu\u00edas y principios metodol\u00f3gicos que permita reducir las incertidumbres de las alternativas que se proponen. As\u00ed, finalmente la alternativa seleccionada, es la que aporta un mayor beneficio a las personas y lograr un mayor impacto de sus resultados en el \u00e1rea de intervenci\u00f3n.<\/p>\n<h2><span style=\"color: #0099cd;\">Objetivo General<\/span><\/h2>\n<hr \/>\n<p>Aplicar t\u00e9cnicas de formulaci\u00f3n y evaluaci\u00f3n de proyectos sociales de acuerdo a especificaciones t\u00e9cnicas establecidas.<\/p>\n<h2><span style=\"color: #0099cd;\">Metodolog\u00eda<\/span><\/h2>\n<hr \/>\n<p>Modalidad 100% Online, asincr\u00f3nico y a tu ritmo. Contar\u00e1s con tutores desde el principio al fin de tu formaci\u00f3n, nunca estar\u00e1s sol@.<\/p>\n<h2><span style=\"color: #0099cd;\">Temario<\/span><\/h2>\n<hr \/>\n<div class=\"lightweight-accordion bordered has-text-color has-background\"><details><summary class=\"lightweight-accordion-title\" style=\"color:#ffffff;background:#0099cd;\"><span>M\u00f3dulo I - Financiamiento del Sector P\u00fablico<\/span><\/summary><div class=\"lightweight-accordion-body\" style=\"border-color:#0099cd;\"><h6><span style=\"color: #0099cd;\">Objetivos espec\u00edficos: <\/span>Identificar las fuentes de recursos y financiamiento del sector p\u00fablico para proyectos de inversi\u00f3n social en el \u00e1rea salud.<\/h6>\n<h6><span style=\"color: #0099cd;\">Duraci\u00f3n: <\/span>20 horas<\/h6>\n<h6><span style=\"color: #0099cd;\">Contenidos:<\/span><\/h6>\n<ul>\n<li>Financiamiento sector p\u00fablico (generalidades)<\/li>\n<li>Fuentes de financiamiento\n<ul>\n<li style=\"list-style-type: none;\">\n<ul>\n<li>Fondo Nacional de desarrollo regional<\/li>\n<li>Banco interamericano de Desarrollo<\/li>\n<li>Banco Mundial<\/li>\n<\/ul>\n<\/li>\n<\/ul>\n<\/li>\n<li>MIDESO, como rector del desarrollo social<\/li>\n<\/ul>\n<\/div><\/details><\/div>\n<div class=\"lightweight-accordion bordered has-text-color has-background\"><details><summary class=\"lightweight-accordion-title\" style=\"color:#ffffff;background:#0099cd;\"><span>M\u00f3dulo II - Preparaci\u00f3n y Evaluaci\u00f3n social de Proyectos<\/span><\/summary><div class=\"lightweight-accordion-body\" style=\"border-color:#0099cd;\"><h6><span style=\"color: #0099cd;\">Objetivos espec\u00edficos: <\/span>Utilizar metodolog\u00edas de desarrollo y evaluaci\u00f3n de proyectos sociales de acuerdo al ciclo de vida del proyecto.<\/h6>\n<h6><span style=\"color: #0099cd;\">Duraci\u00f3n: <\/span>30 horas<\/h6>\n<h6><span style=\"color: #0099cd;\">Contenidos:<\/span><\/h6>\n<ul>\n<li>Ciclo de vida de un Proyecto<\/li>\n<li>Metodolog\u00eda para an\u00e1lisis y soluci\u00f3n de problemas<\/li>\n<li>Diagn\u00f3stico de situaci\u00f3n actual\n<ul>\n<li style=\"list-style-type: none;\">\n<ul>\n<li>\u00c1rea de estudio e influencia<\/li>\n<li>Poblaci\u00f3n objetivo<\/li>\n<li>An\u00e1lisis de la demanda<\/li>\n<li>An\u00e1lisis de la oferta<\/li>\n<li>Calculo del D\u00e9ficit<\/li>\n<\/ul>\n<\/li>\n<\/ul>\n<\/li>\n<li>Identificaci\u00f3n de alternativas\n<ul>\n<li style=\"list-style-type: none;\">\n<ul>\n<li>Tama\u00f1o proyecto<\/li>\n<li>Localizaci\u00f3n proyecto<\/li>\n<li>Tecnolog\u00edas del proyecto<\/li>\n<li>Ejecuci\u00f3n y operaci\u00f3n<\/li>\n<li>Aspectos ambientales<\/li>\n<\/ul>\n<\/li>\n<\/ul>\n<\/li>\n<li>Evaluaci\u00f3n social de Proyectos\n<ul>\n<li style=\"list-style-type: none;\">\n<ul>\n<li>Generalidades<\/li>\n<li>Precios sociales<\/li>\n<li>Beneficios y costos sociales<\/li>\n<li>Metodolog\u00edas de evaluaci\u00f3n de proyectos<\/li>\n<\/ul>\n<\/li>\n<\/ul>\n<\/li>\n<\/ul>\n<\/div><\/details><\/div>\n<div class=\"lightweight-accordion bordered has-text-color has-background\"><details><summary class=\"lightweight-accordion-title\" style=\"color:#ffffff;background:#0099cd;\"><span>M\u00f3dulo III - Gesti\u00f3n y formulaci\u00f3n de actividades administrativas de soporte para la formulaci\u00f3n y evaluaci\u00f3n de Proyectos<\/span><\/summary><div class=\"lightweight-accordion-body\" style=\"border-color:#0099cd;\"><h6><span style=\"color: #0099cd;\">Objetivos espec\u00edficos: <\/span>Aplicar procedimientos administrativos de soporte para la formulaci\u00f3n y evaluaci\u00f3n de proyectos sociales de acuerdo a especificaciones t\u00e9cnicas requeridas.<\/h6>\n<h6><span style=\"color: #0099cd;\">Duraci\u00f3n: <\/span>30 horas<\/h6>\n<h6><span style=\"color: #0099cd;\">Contenidos:<\/span><\/h6>\n<ul>\n<li>Descripci\u00f3n de enfoques: de g\u00e9nero, de migraciones, de discapacidad, de territorio<\/li>\n<li>Formulaci\u00f3n de bases administrativas<\/li>\n<li>Formulaci\u00f3n de especificaciones t\u00e9cnicas<\/li>\n<li>Formulaci\u00f3n de programas y creaci\u00f3n de fichas de Proyectos, basadas en Fondo de Desarrollo Regional<\/li>\n<li>Elaboraci\u00f3n de Informes de Adjudicaci\u00f3n<\/li>\n<li>Custodias de garant\u00edas<\/li>\n<li>Monitoreo de cumplimiento de contrato<\/li>\n<\/ul>\n<\/div><\/details><\/div>\n","protected":false},"excerpt":{"rendered":"<p><span style=\"color: #0099cd;\">Resumen del Curso<\/span><\/p>\n<hr \/>\n<p><img decoding=\"async\" class=\"alignnone size-full wp-image-333\" style=\"font-weight: inherit;\" src=\"https:\/\/linketeach.cl\/wp-content\/uploads\/2021\/07\/education_computer_school_graduate_cap_monitor_icon_149680.png\" alt=\"\" width=\"48\" height=\"48\" \/>80 horas &#8211; 3 m\u00f3dulos<\/p>\n<p><img decoding=\"async\" class=\"alignnone size-full wp-image-332\" src=\"https:\/\/linketeach.cl\/wp-content\/uploads\/2021\/07\/education_book_learn_learning_icon_149694.png\" alt=\"\" width=\"48\" height=\"48\" \/><a href=\"https:\/\/site.redlearning.cl\/wp-content\/uploads\/2021\/01\/Tecnicas-De-Formulacion-Y-Evaluacion-De-Proyectos-Sociales.pdf\" target=\"_blank\" rel=\"noopener\">Programa del Curso<\/a><\/p>\n<p><img decoding=\"async\" class=\"alignnone size-medium wp-image-335\" src=\"https:\/\/linketeach.cl\/wp-content\/uploads\/2021\/07\/notes_clipboard_icon_149712-1.png\" alt=\"\" width=\"48\" height=\"48\" \/>Evaluaci\u00f3n Final<\/p>\n<p><img loading=\"lazy\" decoding=\"async\" class=\"alignnone size-medium wp-image-334\" style=\"font-weight: inherit;\" src=\"https:\/\/linketeach.cl\/wp-content\/uploads\/2021\/07\/education_diploma_award_icon_149701.png\" alt=\"\" width=\"48\" height=\"48\" \/>Certificaci\u00f3n<\/p>\n","protected":false},"featured_media":11917,"template":"","meta":{"site-sidebar-layout":"no-sidebar","site-content-layout":"default","ast-site-content-layout":"default","site-content-style":"default","site-sidebar-style":"default","ast-global-header-display":"","ast-banner-title-visibility":"","ast-main-header-display":"","ast-hfb-above-header-display":"","ast-hfb-below-header-display":"","ast-hfb-mobile-header-display":"","site-post-title":"","ast-breadcrumbs-content":"","ast-featured-img":"","footer-sml-layout":"","ast-disable-related-posts":"","theme-transparent-header-meta":"default","adv-header-id-meta":"","stick-header-meta":"","header-above-stick-meta":"","header-main-stick-meta":"","header-below-stick-meta":"","astra-migrate-meta-layouts":"set","ast-page-background-enabled":"default","ast-page-background-meta":{"desktop":{"background-color":"","background-image":"","background-repeat":"repeat","background-position":"center center","background-size":"auto","background-attachment":"scroll","background-type":"","background-media":"","overlay-type":"","overlay-color":"","overlay-opacity":"","overlay-gradient":""},"tablet":{"background-color":"","background-image":"","background-repeat":"repeat","background-position":"center center","background-size":"auto","background-attachment":"scroll","background-type":"","background-media":"","overlay-type":"","overlay-color":"","overlay-opacity":"","overlay-gradient":""},"mobile":{"background-color":"","background-image":"","background-repeat":"repeat","background-position":"center center","background-size":"auto","background-attachment":"scroll","background-type":"","background-media":"","overlay-type":"","overlay-color":"","overlay-opacity":"","overlay-gradient":""}},"ast-content-background-meta":{"desktop":{"background-color":"var(--ast-global-color-5)","background-image":"","background-repeat":"repeat","background-position":"center center","background-size":"auto","background-attachment":"scroll","background-type":"","background-media":"","overlay-type":"","overlay-color":"","overlay-opacity":"","overlay-gradient":""},"tablet":{"background-color":"var(--ast-global-color-5)","background-image":"","background-repeat":"repeat","background-position":"center center","background-size":"auto","background-attachment":"scroll","background-type":"","background-media":"","overlay-type":"","overlay-color":"","overlay-opacity":"","overlay-gradient":""},"mobile":{"background-color":"var(--ast-global-color-5)","background-image":"","background-repeat":"repeat","background-position":"center center","background-size":"auto","background-attachment":"scroll","background-type":"","background-media":"","overlay-type":"","overlay-color":"","overlay-opacity":"","overlay-gradient":""}},"_joinchat":[]},"product_brand":[],"product_cat":[425],"product_tag":[],"class_list":{"0":"post-17597","1":"product","2":"type-product","3":"status-publish","4":"has-post-thumbnail","6":"product_cat-cursos","7":"desktop-align-left","8":"tablet-align-left","9":"mobile-align-left","11":"first","12":"instock","13":"sale","14":"downloadable","15":"virtual","16":"sold-individually","17":"purchasable","18":"product-type-simple"},"_links":{"self":[{"href":"https:\/\/site.redlearning.cl\/index.php?rest_route=\/wp\/v2\/product\/17597","targetHints":{"allow":["GET"]}}],"collection":[{"href":"https:\/\/site.redlearning.cl\/index.php?rest_route=\/wp\/v2\/product"}],"about":[{"href":"https:\/\/site.redlearning.cl\/index.php?rest_route=\/wp\/v2\/types\/product"}],"wp:featuredmedia":[{"embeddable":true,"href":"https:\/\/site.redlearning.cl\/index.php?rest_route=\/wp\/v2\/media\/11917"}],"wp:attachment":[{"href":"https:\/\/site.redlearning.cl\/index.php?rest_route=%2Fwp%2Fv2%2Fmedia&parent=17597"}],"wp:term":[{"taxonomy":"product_brand","embeddable":true,"href":"https:\/\/site.redlearning.cl\/index.php?rest_route=%2Fwp%2Fv2%2Fproduct_brand&post=17597"},{"taxonomy":"product_cat","embeddable":true,"href":"https:\/\/site.redlearning.cl\/index.php?rest_route=%2Fwp%2Fv2%2Fproduct_cat&post=17597"},{"taxonomy":"product_tag","embeddable":true,"href":"https:\/\/site.redlearning.cl\/index.php?rest_route=%2Fwp%2Fv2%2Fproduct_tag&post=17597"}],"curies":[{"name":"wp","href":"https:\/\/api.w.org\/{rel}","templated":true}]}}